{"id":8735,"date":"2025-01-30T10:50:37","date_gmt":"2025-01-30T09:50:37","guid":{"rendered":"https:\/\/www.sondermuenze.ch\/?page_id=8735"},"modified":"2025-07-01T09:35:23","modified_gmt":"2025-07-01T07:35:23","slug":"100-anni-vreneli-100-franchi","status":"publish","type":"page","link":"https:\/\/www.sondermuenze.ch\/it\/100-anni-vreneli-100-franchi\/","title":{"rendered":"100 anni Vreneli da 100 franchi"},"content":{"rendered":"<div class=\"wpb-content-wrapper\">[vc_row][vc_column]<div class=\"section__text section__text--center intro-animation intro-animation--bottom\"><h1>100 anni Vreneli da 100 franchi<\/h1>\n<\/div><div class=\"section__text section__text--lead section__text--center intro-animation intro-animation--bottom\"><p>L&#8217;emissione speciale per l&#8217;anniversario &#8220;100 anni Vreneli da 100 franchi&#8221; \u00e8 stata presentata in anteprima alla World Money Fair di Berlino. La moneta d&#8217;oro, il cui design combina perfettamente innovazione e tradizione, sar\u00e0 disponibile dal 1\u00b0 luglio 2025.<\/p>\n<\/div><div class=\"section__teaser\"><div class=\"teaser row\"><div class=\"teaser__media col-l-6 col-xs-12 intro-animation-mobile\"><div class=\"picture_container picture_container--cover\"><picture><source srcset=\"https:\/\/www.sondermuenze.ch\/wp-content\/uploads\/vreneli-model-960x850px.jpg\"><img decoding=\"async\" src=\"https:\/\/www.sondermuenze.ch\/wp-content\/uploads\/vreneli-model-960x850px.jpg\" alt=\"HELVETIA alias Vreneli\" width=\"960\" height=\"850\"\/><\/picture><\/div><\/div><div class=\"teaser__content col-l-6 col-xs-12 intro-animation intro-animation--left\"><div class=\"teaser__content__inside row_simple\"><h2>HELVETIA alias Vreneli<\/h2><div class=\"teaser__content__container\"><p>\u201cIl disegno della nuova moneta deve utilizzare un motivo svizzero, nazionale, una rappresentazione allegorica o storico-simbolica della Svizzera &#8211; l&#8217;Elvezia &#8211; per esprimerla in modo generalmente comprensibile\u201d. Cos\u00ec il Dipartimento federale delle finanze formul\u00f2 l&#8217;obiettivo del concorso bandito nel 1895.<\/p>\n<p>Tuttavia, il nome \u201cVreneli\u201d \u00e8 apparso per la prima volta in forma scritta solo nel 1943. L&#8217;origine esatta del nome rimane tuttora poco chiara. Probabilmente il personaggio \u00e8 stato riconosciuto come una giovane ragazza (\u201cVreneli\u201d) piuttosto che come una madre rappresentante del Paese. Altri ipotizzano che il nome derivi da \u201cVerena\u201d, un diminutivo tradizionale svizzero-tedesco.<\/p>\n<p>La donna raffigurata, con i suoi capelli intrecciati, simboleggia i valori di libert\u00e0, indipendenza e pace. Sullo sfondo si ergono le montagne, simbolo della bellezza e della forza della natura svizzera.<\/p>\n<\/div><\/div><\/div><\/div><\/div><div class=\"section__text section__text--lead section__text--center intro-animation intro-animation--bottom\"><h2>Il Vreneli del 1925<\/h2>\n<p>Il Vreneli 100 franchi del 1925 \u00e8 una moneta d&#8217;oro eccezionale, il cui design artistico e il cui status simbolico la rendono unica nella storia della monetazione svizzera. A differenza delle versioni da 10 e 20 franchi, che sono state coniate in un numero molto maggiore, il Vreneli da 100 franchi \u00e8 stato creato in un&#8217;edizione limitata di soli 5\u2019000 esemplari. Si tratta quindi dell\u2019emissione pi\u00f9 rara della serie Vreneli.<\/p>\n<\/div><div class=\"section__teaser_special\"><div class=\"teaser_special row_simple reverse middle-xs \"><div class=\"teaser_special__media col-l-6 col-xs-12 intro-animation-mobile\"><div class=\"picture_container\"><picture><source srcset=\"https:\/\/www.sondermuenze.ch\/wp-content\/uploads\/vreneli-1925-2-960x850px.jpg\"><img decoding=\"async\" src=\"https:\/\/www.sondermuenze.ch\/wp-content\/uploads\/vreneli-1925-2-960x850px.jpg\" alt=\"Vreneli 1925\" width=\"960\" height=\"850\"\/><\/picture><\/div><\/div><div class=\"teaser_special__content col-l-6 col-xs-12 intro-animation intro-animation--right\"><div class=\"teaser_special__content__inside\"><h3>Dettagli del 100 franchi Vreneli del 1925<\/h3>\n<p>Anno di coniazione: 1925<br \/>\nTiratura: 5\u2019000 pezzi<br \/>\nPeso: 32,258 g (di cui 29 g di oro puro)<br \/>\nDiametro: 35 mm<br \/>\nSpessore: 2,3 mm<br \/>\nLega: oro 900<br \/>\nValore nominale: 100 franchi svizzeri<br \/>\nDisegno: Fritz-Ulysse Landry<br \/>\nStampo originale: Monnaie de Paris<br \/>\nIscrizione sul contorno: *** DOMINUS \/ PROVIDEBIT \/ **********<\/p>\n<p>Dritto: busto di donna di profilo a sinistra, capelli intrecciati, abito ricamato con stelle alpine, montagne svizzere sullo sfondo. In alto, l&#8217;iscrizione \u201cHELVETIA\u201d, nel margine inferiore sinistro il nome dell&#8217;artista \u201cF. LANDRY\u201d e un cerchio di perle.<\/p>\n<p>Rovescio: croce svizzera all&#8217;interno di una corona di raggi, rami intrecciati di rododendro e genziana. Inoltre, l&#8217;anno di coniazione 1925, il valore nominale 100 FR e il marchio di zecca B per Berna.<\/p>\n<\/div><\/div><\/div><\/div>[\/vc_column][\/vc_row][vc_row][vc_column]<div class=\"section__text section__text--lead section__text--center intro-animation intro-animation--bottom\"><h1>2025: 100 anni Vreneli da 100 franchi<\/h1>\n<\/div><div class=\"section__text section__text--lead section__text--center intro-animation intro-animation--bottom\"><h3>Il simbolismo del nuovo disegno della moneta<\/h3>\n<p>A differenza del Vreneli storico, l&#8217;effigie di Elvezia non \u00e8 rappresentata di profilo, ma di fronte. L&#8217;orgoglio per un passato ricco di tradizioni, illustrato dagli elementi in rilievo e lo sguardo determinato verso il futuro, rappresentato dalle superfici aperte, si fondono in un disegno che unisce armoniosamente storia e visione. In questo modo, la moneta reinterpreta gli elementi di design della storica Vreneli con un visibile rispetto per la tradizione.<\/p>\n<\/div><div class=\"section__teaser\"><div class=\"teaser row\"><div class=\"teaser__media col-l-6 col-xs-12 intro-animation-mobile\"><div class=\"picture_container picture_container--cover\"><picture><source srcset=\"https:\/\/www.sondermuenze.ch\/wp-content\/uploads\/web-hq-sondermuenze-chiara-960x850px.jpg\"><img decoding=\"async\" src=\"https:\/\/www.sondermuenze.ch\/wp-content\/uploads\/web-hq-sondermuenze-chiara-960x850px.jpg\" alt=\"Chiara\" width=\"960\" height=\"850\"\/><\/picture><\/div><\/div><div class=\"teaser__content col-l-6 col-xs-12 intro-animation intro-animation--left\"><div class=\"teaser__content__inside row_simple\"><h3>Lo sguardo sicuro verso l\u2019osservatore<\/h3><div class=\"teaser__content__container\"><p><strong>L&#8217;evoluzione del ruolo della donna nel disegno della moneta \u201c100 anni Vreneli da 100 franchi\u201d<\/strong><\/p>\n<p>\u201cNel corso dei secoli, la percezione della donna nella cultura e nell&#8217;arte \u00e8 progredita enormemente &#8211; un tema che mi sta molto a cuore. Per me, come donna e come artista, il design del Vreneli da 100 franchi ha un profondo significato simbolico. Spero che ogni donna svizzera, in particolare, si senta apprezzata e celebrata come parte viva della storia, della cultura e della vita della Svizzera\u201d, afferma l&#8217;artista.<\/p>\n<p><strong>Artista<\/strong><\/p>\n<p>Chiara Principe \u00e8 un&#8217;artista, scultrice e designer di monete di fama, che ha studiato scultura e design di monete presso la Scuola d&#8217;Arte della Medaglia della sua citt\u00e0 natale, Roma. Lavora per diverse zecche internazionali. Commentando la sua creazione del 100 anni Vreneli da 100 franchi, dice: \u201cLa moneta rappresenta una nazione saldamente radicata nei suoi valori storici e culturali e che, affermando questa identit\u00e0, guarda con fiducia al futuro\u201d.<\/p>\n<\/div><\/div><\/div><\/div><\/div>[vc_row_inner][vc_column_inner width=&#8221;1\/2&#8243;]<div class=\"section__image section__image--center intro-animation intro-animation--bottom\"><div class=\"picture_container\" style=\"width: 520px\"><picture><source media=\"(min-width: 768px)\" srcset=\"https:\/\/www.sondermuenze.ch\/wp-content\/uploads\/100fr-vreneli-frontal-bs-1280x1280.png\"><source media=\"(max-width: 767.98px)\" srcset=\"https:\/\/www.sondermuenze.ch\/wp-content\/uploads\/100fr-vreneli-frontal-bs-768x768.png\"><img decoding=\"async\" src=\"https:\/\/www.sondermuenze.ch\/wp-content\/uploads\/100fr-vreneli-frontal-bs-1280x1280.png\" alt=\"100 anni Vreneli da 100 franchi\" width=\"2000\" height=\"2000\" \/><\/picture><\/div><\/div><div class=\"section__text section__text--center intro-animation intro-animation--bottom\"><h3>Rovescio<\/h3>\n<p>Sul lato del valore si pu\u00f2 vedere il valore nominale di 100 franchi nella met\u00e0 sinistra, mentre nella met\u00e0 destra \u00e8 raffigurato il busto originale del Vreneli da 100 franchi. Ulteriori genziane e rododendro completano il disegno. La firma dell\u2019artista Chiara Principe e una \u201cB\u201d per Berna sono finemente riconoscibili.<\/p>\n<\/div>[\/vc_column_inner][vc_column_inner width=&#8221;1\/2&#8243;]<div class=\"section__text section__text--center intro-animation intro-animation--bottom\"><h3>Dritto<\/h3>\n<p>Come nel 1925, il Vreneli \u00e8 composto da una lega di oro\u00a0900, ha un diametro di 35\u00a0mm e pesa 32,258\u00a0g. Sul dritto della moneta, il nuovo Vreneli d\u2019oro riprende alcuni elementi dell\u2019originale, unendo ad\u00a0esempio la croce svizzera circondata da raggi di luce sulle Alpi svizzere a genziane e rododendro. Il ritratto di Vreneli, la donna raffigurata, simboleggia invece lo sguardo verso l\u2019avvenire e unisce passato e futuro. Il suo capo \u00e8 decorato con una corona d\u2019alloro, segno di saggezza e trionfo, e con la stella alpina, simbolo della Svizzera. Sono inoltre state incise le date dell\u2019anniversario, circondate dalla scritta \u201cCONFOEDERATIO HELVETICA\u201d.<\/p>\n<\/div><div class=\"section__image section__image--center intro-animation intro-animation--bottom\"><div class=\"picture_container\" style=\"width: 520px\"><picture><source media=\"(min-width: 768px)\" srcset=\"https:\/\/www.sondermuenze.ch\/wp-content\/uploads\/100fr-vreneli-frontal-ws-1280x1280.png\"><source media=\"(max-width: 767.98px)\" srcset=\"https:\/\/www.sondermuenze.ch\/wp-content\/uploads\/100fr-vreneli-frontal-ws-768x768.png\"><img decoding=\"async\" src=\"https:\/\/www.sondermuenze.ch\/wp-content\/uploads\/100fr-vreneli-frontal-ws-1280x1280.png\" alt=\"100 anni Vreneli da 100 franchi\" width=\"2000\" height=\"2000\" \/><\/picture><\/div><\/div>[\/vc_column_inner][\/vc_row_inner]<div class=\"section__teaser_special\"><div class=\"teaser_special row_simple reverse middle-xs \"><div class=\"teaser_special__media col-l-6 col-xs-12 intro-animation-mobile\"><div class=\"picture_container\"><picture><source srcset=\"https:\/\/www.sondermuenze.ch\/wp-content\/uploads\/100fr-vreneli-duo-quer-768x660-2.png\"><img decoding=\"async\" src=\"https:\/\/www.sondermuenze.ch\/wp-content\/uploads\/100fr-vreneli-duo-quer-768x660-2.png\" alt=\"100 anni Vreneli da 100 franchi\" width=\"768\" height=\"660\"\/><\/picture><\/div><\/div><div class=\"teaser_special__content col-l-6 col-xs-12 intro-animation intro-animation--right\"><div class=\"teaser_special__content__inside\"><h3>Dettagli della moneta<\/h3>\n<p>Data di emissione: 01.07.2025<br \/>\nTiratura: 2\u2019500 pezzi in fondo specchio<br \/>\nPeso: 32,258 g (di cui 29 g di oro puro)<br \/>\nDiametro: 35 mm<br \/>\nLega: oro 900<br \/>\nValore nominale: 100 franchi svizzeri<br \/>\nArtista: Chiara Principe<br \/>\nIscrizione sul contorno: *** DOMINUS \/ PROVIDEBIT \/ **********<br \/>\nPrezzo: Fondo specchio in astuccio CHF 3\u2019500.-<\/p>\n<\/div><\/div><\/div><\/div><div class=\"section__text section__text--center intro-animation intro-animation--bottom\"><h3>Regole per l\u2019acquisto della moneta \u201c100 anni Vreneli da 100 franchi\u201d<\/h3>\n<\/div>[vc_row_inner][vc_column_inner width=&#8221;1\/2&#8243;]<div class=\"section__text section__text--center intro-animation intro-animation--bottom\"><ul>\n<li>Inizio della vendita: la moneta sar\u00e0 disponibile esclusivamente nel <a href=\"https:\/\/www.swissmintshop.ch\" target=\"_blank\" rel=\"noopener\"><strong>negozio online<\/strong><\/a> dal 1\u00b0 luglio 2025, alle 09.00.<\/li>\n<li>Abbonamento e preordini: questa moneta non \u00e8 inclusa nell&#8217;abbonamento e non \u00e8 possibile effettuare preordini.<\/li>\n<li>Limite: l&#8217;acquisto \u00e8 limitato a un solo articolo per persona.<\/li>\n<li>Account richiesto: per ordinare dal negozio online \u00e8 necessario un login eIAM (CH-Login). Le informazioni sulla registrazione sono disponibili sul sito ufficiale: <strong><a href=\"http:\/\/www.eiam.swiss\" target=\"_blank\" rel=\"noopener\">www.eiam.swiss<\/a><\/strong>.<\/li>\n<\/ul>\n<\/div>[\/vc_column_inner][vc_column_inner width=&#8221;1\/2&#8243;]<div class=\"section__image section__image--center intro-animation intro-animation--bottom\"><div class=\"picture_container\" style=\"width: 350px\"><picture><source media=\"(min-width: 768px)\" srcset=\"https:\/\/www.sondermuenze.ch\/wp-content\/uploads\/100fr-vreneli-duo-quadra.png\"><source media=\"(max-width: 767.98px)\" srcset=\"https:\/\/www.sondermuenze.ch\/wp-content\/uploads\/100fr-vreneli-duo-quadra.png\"><img decoding=\"async\" src=\"https:\/\/www.sondermuenze.ch\/wp-content\/uploads\/100fr-vreneli-duo-quadra.png\" alt=\"100 anni Vreneli da 100 franchi\" width=\"\" height=\"\" \/><\/picture><\/div><\/div>[\/vc_column_inner][\/vc_row_inner][\/vc_column][\/vc_row]<\/div>","protected":false},"excerpt":{"rendered":"[vc_row][vc_column][\/vc_column][\/vc_row][vc_row][vc_column][vc_row_inner][vc_column_inner width=&#8221;1\/2&#8243;][\/vc_column_inner][vc_column_inner width=&#8221;1\/2&#8243;][\/vc_column_inner][\/vc_row_inner][vc_row_inner][vc_column_inner width=&#8221;1\/2&#8243;][\/vc_column_inner][vc_column_inner width=&#8221;1\/2&#8243;][\/vc_column_inner][\/vc_row_inner][\/vc_column][\/vc_row]","protected":false},"author":3,"featured_media":0,"parent":0,"menu_order":7,"comment_status":"closed","ping_status":"closed","template":"","meta":{"_acf_changed":false,"footnotes":""},"class_list":["post-8735","page","type-page","status-publish","hentry"],"acf":[],"_links":{"self":[{"href":"https:\/\/www.sondermuenze.ch\/it\/wp-json\/wp\/v2\/pages\/8735","targetHints":{"allow":["GET"]}}],"collection":[{"href":"https:\/\/www.sondermuenze.ch\/it\/wp-json\/wp\/v2\/pages"}],"about":[{"href":"https:\/\/www.sondermuenze.ch\/it\/wp-json\/wp\/v2\/types\/page"}],"author":[{"embeddable":true,"href":"https:\/\/www.sondermuenze.ch\/it\/wp-json\/wp\/v2\/users\/3"}],"replies":[{"embeddable":true,"href":"https:\/\/www.sondermuenze.ch\/it\/wp-json\/wp\/v2\/comments?post=8735"}],"version-history":[{"count":3,"href":"https:\/\/www.sondermuenze.ch\/it\/wp-json\/wp\/v2\/pages\/8735\/revisions"}],"predecessor-version":[{"id":9544,"href":"https:\/\/www.sondermuenze.ch\/it\/wp-json\/wp\/v2\/pages\/8735\/revisions\/9544"}],"wp:attachment":[{"href":"https:\/\/www.sondermuenze.ch\/it\/wp-json\/wp\/v2\/media?parent=8735"}],"curies":[{"name":"wp","href":"https:\/\/api.w.org\/{rel}","templated":true}]}}

<div class="wpb-content-wrapper">[vc_row][vc_column]<div class="section__text section__text--center intro-animation intro-animation--bottom"><h1>100 anni Vreneli da 100 franchi</h1>
</div><div class="section__text section__text--lead section__text--center intro-animation intro-animation--bottom"><p>L&#8217;emissione speciale per l&#8217;anniversario &#8220;100 anni Vreneli da 100 franchi&#8221; è stata presentata in anteprima alla World Money Fair di Berlino. La moneta d&#8217;oro, il cui design combina perfettamente innovazione e tradizione, sarà disponibile dal 1° luglio 2025.</p>
</div><div class="section__teaser"><div class="teaser row"><div class="teaser__media col-l-6 col-xs-12 intro-animation-mobile"><div class="picture_container picture_container--cover"><picture><source srcset="https://www.sondermuenze.ch/wp-content/uploads/vreneli-model-960x850px.jpg"><img decoding="async" src="https://www.sondermuenze.ch/wp-content/uploads/vreneli-model-960x850px.jpg" alt="HELVETIA alias Vreneli" width="960" height="850"/></picture></div></div><div class="teaser__content col-l-6 col-xs-12 intro-animation intro-animation--left"><div class="teaser__content__inside row_simple"><h2>HELVETIA alias Vreneli</h2><div class="teaser__content__container"><p>“Il disegno della nuova moneta deve utilizzare un motivo svizzero, nazionale, una rappresentazione allegorica o storico-simbolica della Svizzera &#8211; l&#8217;Elvezia &#8211; per esprimerla in modo generalmente comprensibile”. Così il Dipartimento federale delle finanze formulò l&#8217;obiettivo del concorso bandito nel 1895.</p>
<p>Tuttavia, il nome “Vreneli” è apparso per la prima volta in forma scritta solo nel 1943. L&#8217;origine esatta del nome rimane tuttora poco chiara. Probabilmente il personaggio è stato riconosciuto come una giovane ragazza (“Vreneli”) piuttosto che come una madre rappresentante del Paese. Altri ipotizzano che il nome derivi da “Verena”, un diminutivo tradizionale svizzero-tedesco.</p>
<p>La donna raffigurata, con i suoi capelli intrecciati, simboleggia i valori di libertà, indipendenza e pace. Sullo sfondo si ergono le montagne, simbolo della bellezza e della forza della natura svizzera.</p>
</div></div></div></div></div><div class="section__text section__text--lead section__text--center intro-animation intro-animation--bottom"><h2>Il Vreneli del 1925</h2>
<p>Il Vreneli 100 franchi del 1925 è una moneta d&#8217;oro eccezionale, il cui design artistico e il cui status simbolico la rendono unica nella storia della monetazione svizzera. A differenza delle versioni da 10 e 20 franchi, che sono state coniate in un numero molto maggiore, il Vreneli da 100 franchi è stato creato in un&#8217;edizione limitata di soli 5’000 esemplari. Si tratta quindi dell’emissione più rara della serie Vreneli.</p>
</div><div class="section__teaser_special"><div class="teaser_special row_simple reverse middle-xs "><div class="teaser_special__media col-l-6 col-xs-12 intro-animation-mobile"><div class="picture_container"><picture><source srcset="https://www.sondermuenze.ch/wp-content/uploads/vreneli-1925-2-960x850px.jpg"><img decoding="async" src="https://www.sondermuenze.ch/wp-content/uploads/vreneli-1925-2-960x850px.jpg" alt="Vreneli 1925" width="960" height="850"/></picture></div></div><div class="teaser_special__content col-l-6 col-xs-12 intro-animation intro-animation--right"><div class="teaser_special__content__inside"><h3>Dettagli del 100 franchi Vreneli del 1925</h3>
<p>Anno di coniazione: 1925<br />
Tiratura: 5’000 pezzi<br />
Peso: 32,258 g (di cui 29 g di oro puro)<br />
Diametro: 35 mm<br />
Spessore: 2,3 mm<br />
Lega: oro 900<br />
Valore nominale: 100 franchi svizzeri<br />
Disegno: Fritz-Ulysse Landry<br />
Stampo originale: Monnaie de Paris<br />
Iscrizione sul contorno: *** DOMINUS / PROVIDEBIT / **********</p>
<p>Dritto: busto di donna di profilo a sinistra, capelli intrecciati, abito ricamato con stelle alpine, montagne svizzere sullo sfondo. In alto, l&#8217;iscrizione “HELVETIA”, nel margine inferiore sinistro il nome dell&#8217;artista “F. LANDRY” e un cerchio di perle.</p>
<p>Rovescio: croce svizzera all&#8217;interno di una corona di raggi, rami intrecciati di rododendro e genziana. Inoltre, l&#8217;anno di coniazione 1925, il valore nominale 100 FR e il marchio di zecca B per Berna.</p>
</div></div></div></div>[/vc_column][/vc_row][vc_row][vc_column]<div class="section__text section__text--lead section__text--center intro-animation intro-animation--bottom"><h1>2025: 100 anni Vreneli da 100 franchi</h1>
</div><div class="section__text section__text--lead section__text--center intro-animation intro-animation--bottom"><h3>Il simbolismo del nuovo disegno della moneta</h3>
<p>A differenza del Vreneli storico, l&#8217;effigie di Elvezia non è rappresentata di profilo, ma di fronte. L&#8217;orgoglio per un passato ricco di tradizioni, illustrato dagli elementi in rilievo e lo sguardo determinato verso il futuro, rappresentato dalle superfici aperte, si fondono in un disegno che unisce armoniosamente storia e visione. In questo modo, la moneta reinterpreta gli elementi di design della storica Vreneli con un visibile rispetto per la tradizione.</p>
</div><div class="section__teaser"><div class="teaser row"><div class="teaser__media col-l-6 col-xs-12 intro-animation-mobile"><div class="picture_container picture_container--cover"><picture><source srcset="https://www.sondermuenze.ch/wp-content/uploads/web-hq-sondermuenze-chiara-960x850px.jpg"><img decoding="async" src="https://www.sondermuenze.ch/wp-content/uploads/web-hq-sondermuenze-chiara-960x850px.jpg" alt="Chiara" width="960" height="850"/></picture></div></div><div class="teaser__content col-l-6 col-xs-12 intro-animation intro-animation--left"><div class="teaser__content__inside row_simple"><h3>Lo sguardo sicuro verso l’osservatore</h3><div class="teaser__content__container"><p><strong>L&#8217;evoluzione del ruolo della donna nel disegno della moneta “100 anni Vreneli da 100 franchi”</strong></p>
<p>“Nel corso dei secoli, la percezione della donna nella cultura e nell&#8217;arte è progredita enormemente &#8211; un tema che mi sta molto a cuore. Per me, come donna e come artista, il design del Vreneli da 100 franchi ha un profondo significato simbolico. Spero che ogni donna svizzera, in particolare, si senta apprezzata e celebrata come parte viva della storia, della cultura e della vita della Svizzera”, afferma l&#8217;artista.</p>
<p><strong>Artista</strong></p>
<p>Chiara Principe è un&#8217;artista, scultrice e designer di monete di fama, che ha studiato scultura e design di monete presso la Scuola d&#8217;Arte della Medaglia della sua città natale, Roma. Lavora per diverse zecche internazionali. Commentando la sua creazione del 100 anni Vreneli da 100 franchi, dice: “La moneta rappresenta una nazione saldamente radicata nei suoi valori storici e culturali e che, affermando questa identità, guarda con fiducia al futuro”.</p>
</div></div></div></div></div>[vc_row_inner][vc_column_inner width=&#8221;1/2&#8243;]<div class="section__image section__image--center intro-animation intro-animation--bottom"><div class="picture_container" style="width: 520px"><picture><source media="(min-width: 768px)" srcset="https://www.sondermuenze.ch/wp-content/uploads/100fr-vreneli-frontal-bs-1280x1280.png"><source media="(max-width: 767.98px)" srcset="https://www.sondermuenze.ch/wp-content/uploads/100fr-vreneli-frontal-bs-768x768.png"><img decoding="async" src="https://www.sondermuenze.ch/wp-content/uploads/100fr-vreneli-frontal-bs-1280x1280.png" alt="100 anni Vreneli da 100 franchi" width="2000" height="2000" /></picture></div></div><div class="section__text section__text--center intro-animation intro-animation--bottom"><h3>Rovescio</h3>
<p>Sul lato del valore si può vedere il valore nominale di 100 franchi nella metà sinistra, mentre nella metà destra è raffigurato il busto originale del Vreneli da 100 franchi. Ulteriori genziane e rododendro completano il disegno. La firma dell’artista Chiara Principe e una “B” per Berna sono finemente riconoscibili.</p>
</div>[/vc_column_inner][vc_column_inner width=&#8221;1/2&#8243;]<div class="section__text section__text--center intro-animation intro-animation--bottom"><h3>Dritto</h3>
<p>Come nel 1925, il Vreneli è composto da una lega di oro 900, ha un diametro di 35 mm e pesa 32,258 g. Sul dritto della moneta, il nuovo Vreneli d’oro riprende alcuni elementi dell’originale, unendo ad esempio la croce svizzera circondata da raggi di luce sulle Alpi svizzere a genziane e rododendro. Il ritratto di Vreneli, la donna raffigurata, simboleggia invece lo sguardo verso l’avvenire e unisce passato e futuro. Il suo capo è decorato con una corona d’alloro, segno di saggezza e trionfo, e con la stella alpina, simbolo della Svizzera. Sono inoltre state incise le date dell’anniversario, circondate dalla scritta “CONFOEDERATIO HELVETICA”.</p>
</div><div class="section__image section__image--center intro-animation intro-animation--bottom"><div class="picture_container" style="width: 520px"><picture><source media="(min-width: 768px)" srcset="https://www.sondermuenze.ch/wp-content/uploads/100fr-vreneli-frontal-ws-1280x1280.png"><source media="(max-width: 767.98px)" srcset="https://www.sondermuenze.ch/wp-content/uploads/100fr-vreneli-frontal-ws-768x768.png"><img decoding="async" src="https://www.sondermuenze.ch/wp-content/uploads/100fr-vreneli-frontal-ws-1280x1280.png" alt="100 anni Vreneli da 100 franchi" width="2000" height="2000" /></picture></div></div>[/vc_column_inner][/vc_row_inner]<div class="section__teaser_special"><div class="teaser_special row_simple reverse middle-xs "><div class="teaser_special__media col-l-6 col-xs-12 intro-animation-mobile"><div class="picture_container"><picture><source srcset="https://www.sondermuenze.ch/wp-content/uploads/100fr-vreneli-duo-quer-768x660-2.png"><img decoding="async" src="https://www.sondermuenze.ch/wp-content/uploads/100fr-vreneli-duo-quer-768x660-2.png" alt="100 anni Vreneli da 100 franchi" width="768" height="660"/></picture></div></div><div class="teaser_special__content col-l-6 col-xs-12 intro-animation intro-animation--right"><div class="teaser_special__content__inside"><h3>Dettagli della moneta</h3>
<p>Data di emissione: 01.07.2025<br />
Tiratura: 2’500 pezzi in fondo specchio<br />
Peso: 32,258 g (di cui 29 g di oro puro)<br />
Diametro: 35 mm<br />
Lega: oro 900<br />
Valore nominale: 100 franchi svizzeri<br />
Artista: Chiara Principe<br />
Iscrizione sul contorno: *** DOMINUS / PROVIDEBIT / **********<br />
Prezzo: Fondo specchio in astuccio CHF 3’500.-</p>
</div></div></div></div><div class="section__text section__text--center intro-animation intro-animation--bottom"><h3>Regole per l’acquisto della moneta “100 anni Vreneli da 100 franchi”</h3>
</div>[vc_row_inner][vc_column_inner width=&#8221;1/2&#8243;]<div class="section__text section__text--center intro-animation intro-animation--bottom"><ul>
<li>Inizio della vendita: la moneta sarà disponibile esclusivamente nel <a href="https://www.swissmintshop.ch" target="_blank" rel="noopener"><strong>negozio online</strong></a> dal 1° luglio 2025, alle 09.00.</li>
<li>Abbonamento e preordini: questa moneta non è inclusa nell&#8217;abbonamento e non è possibile effettuare preordini.</li>
<li>Limite: l&#8217;acquisto è limitato a un solo articolo per persona.</li>
<li>Account richiesto: per ordinare dal negozio online è necessario un login eIAM (CH-Login). Le informazioni sulla registrazione sono disponibili sul sito ufficiale: <strong><a href="http://www.eiam.swiss" target="_blank" rel="noopener">www.eiam.swiss</a></strong>.</li>
</ul>
</div>[/vc_column_inner][vc_column_inner width=&#8221;1/2&#8243;]<div class="section__image section__image--center intro-animation intro-animation--bottom"><div class="picture_container" style="width: 350px"><picture><source media="(min-width: 768px)" srcset="https://www.sondermuenze.ch/wp-content/uploads/100fr-vreneli-duo-quadra.png"><source media="(max-width: 767.98px)" srcset="https://www.sondermuenze.ch/wp-content/uploads/100fr-vreneli-duo-quadra.png"><img decoding="async" src="https://www.sondermuenze.ch/wp-content/uploads/100fr-vreneli-duo-quadra.png" alt="100 anni Vreneli da 100 franchi" width="" height="" /></picture></div></div>[/vc_column_inner][/vc_row_inner][/vc_column][/vc_row]</div>
