{"id":8972,"date":"2025-07-02T09:38:17","date_gmt":"2025-07-02T07:38:17","guid":{"rendered":"https:\/\/www.sondermuenze.ch\/?post_type=magazin&#038;p=8972"},"modified":"2025-07-02T11:36:46","modified_gmt":"2025-07-02T09:36:46","slug":"100-anni-vreneli-da-100-franchi","status":"publish","type":"magazin","link":"https:\/\/www.sondermuenze.ch\/it\/rivista\/100-anni-vreneli-da-100-franchi\/","title":{"rendered":"100 anni Vreneli da 100 franchi"},"content":{"rendered":"<div class=\"wpb-content-wrapper\">[vc_row][vc_column]<div class=\"section__text section__text--center intro-animation intro-animation--bottom\"><h1>100 anni Vreneli da 100 franchi<\/h1>\n<h3>Dal 1\u00b0 luglio 2025 \u00e8 disponibile la moneta speciale \u00ab100 anni Vreneli da 100 franchi\u00bb. Con il suo design magistrale, la moneta d\u2019oro combina perfettamente<br \/>\ntradizione e modernit\u00e0.<\/h3>\n<\/div><div class=\"section__image section__image--center intro-animation intro-animation--bottom\"><div class=\"picture_container\"><picture><source media=\"(min-width: 768px)\" srcset=\"https:\/\/www.sondermuenze.ch\/wp-content\/uploads\/bild-vreneli-kombo-1280x730-1.png\"><source media=\"(max-width: 767.98px)\" srcset=\"https:\/\/www.sondermuenze.ch\/wp-content\/uploads\/bild-vreneli-kombo-1280x730-1-768x438.png\"><img decoding=\"async\" src=\"https:\/\/www.sondermuenze.ch\/wp-content\/uploads\/bild-vreneli-kombo-1280x730-1.png\" alt=\"Gold Vreneli Bild- und Wertseite\" width=\"1280\" height=\"730\" \/><\/picture><\/div><\/div><div class=\"section__text section__text--center intro-animation intro-animation--bottom\"><p>Nel 1925 la Svizzera era rappresentata dal profilo di una ragazza che lasciava vagare lo sguardo in lontananza. Oggi, invece, a raffigurarla \u00e8 una giovane donna che fissa lo spettatore con sguardo fermo e deciso. Entrambe le rappresentazioni soddisfano l\u2019obiettivo formulato nel 1895 dal Dipartimento federale delle finanze: \u00abIl disegno della nuova moneta deve utilizzare un motivo svizzero, nazionale, una rappresentazione allegorica o storico-simbolica della Svizzera \u2013 l\u2019Elvezia \u2013 per esprimerla in modo generalmente comprensibile\u00bb. Il dritto della moneta \u00ab100 anni Vreneli da 100 franchi\u00bb ricorda la figura allegorica dell\u2019Elvezia. La donna indossa una corona di alloro, simbolo di saggezza e trionfo, e di stella alpina, simbolo della Svizzera; il rovescio del Vreneli da 100 franchi coniato nel 1925 \u00e8 raffigurato sopra la corona come moneta simbolo nazionale.<\/p>\n<\/div>[vc_row_inner][vc_column_inner width=&#8221;1\/2&#8243;]<div class=\"section__text section__text--center intro-animation intro-animation--bottom\"><h4>Dritto della moneta<\/h4>\n<p>Sul dritto della moneta, il nuovo Vreneli d\u2019oro riprende alcuni elementi dell\u2019originale, unendo ad esempio la croce svizzera circondata da raggi di luce sulle Alpi svizzere a genziane e rose alpine. Il ritratto della giovane donna \u00e8 diviso in due. Nella met\u00e0 destra, gli elementi in rilievo simboleggiano la forza che questa giovane donna trae da un glorioso passato. Nella met\u00e0 sinistra, gli elementi solo abbozzati, simboleggiano il futuro e le storie che il Vreneli d\u2019oro dovr\u00e0 ancora scrivere. Accanto all\u2019effigie della giovane donna sono incise le date dell\u2019anniversario, incorniciate dalla scritta \u00abCONFOEDERATIO HELVETICA\u00bb.<\/p>\n<\/div>[\/vc_column_inner][vc_column_inner width=&#8221;1\/2&#8243;]<div class=\"section__text section__text--center intro-animation intro-animation--bottom\"><h4>Rovescio della moneta<\/h4>\n<p>Elementi dell\u2019originale si ritrovano anche sul rovescio del nuovo Vreneli d\u2019oro. Una raffigurazione dettagliata del famoso Vreneli mostra l\u2019effigie della donna pi\u00f9 famosa della Svizzera, inserita in una composizione geometrica formata da un cerchio, una linea verticale e una linea curva. A sinistra \u00e8 inciso il valore nominale di 100 franchi. I rami con le genziane e le rose alpine ricordano anch\u2019essi l\u2019originale. Entrambi i rami si inclinano verso il valore nominale della moneta, distogliendo cos\u00ec l\u2019attenzione dall\u2019immagine del Vreneli e dirigendola verso tale valore. La firma dell\u2019artista Chiara Principe e la lettera \u00abB\u00bb, che indica la citt\u00e0 di Berna, sono visibili in modo raffinato.<\/p>\n<\/div>[\/vc_column_inner][\/vc_row_inner]<div class=\"section__image section__image--center intro-animation intro-animation--bottom\"><div class=\"picture_container\"><picture><source media=\"(min-width: 768px)\" srcset=\"https:\/\/www.sondermuenze.ch\/wp-content\/uploads\/verpackung-vreneli-1280x730-1.jpg\"><source media=\"(max-width: 767.98px)\" srcset=\"https:\/\/www.sondermuenze.ch\/wp-content\/uploads\/verpackung-vreneli-1280x730-1-768x438.jpg\"><img decoding=\"async\" src=\"https:\/\/www.sondermuenze.ch\/wp-content\/uploads\/verpackung-vreneli-1280x730-1.jpg\" alt=\"Verpackung 100 Franken Goldvreneli\" width=\"1280\" height=\"730\" \/><\/picture><\/div><\/div><div class=\"section__text section__text--center intro-animation intro-animation--bottom\"><h4>Tradition:<\/h4>\n<p>Avete notato che il rovescio dell\u2019originale \u00e8 raffigurato sul dritto della nuova moneta? Mentre il dritto dell\u2019originale appare ora sul rovescio della nuova moneta? L\u2019artista Chiara Principe unisce ancora una volta tradizione e modernit\u00e0.<\/p>\n<\/div>[\/vc_column][\/vc_row]<\/div>","protected":false},"template":"","class_list":["post-8972","magazin","type-magazin","status-publish","hentry","thema-monete-speciali"],"acf":[],"_links":{"self":[{"href":"https:\/\/www.sondermuenze.ch\/it\/wp-json\/wp\/v2\/magazin\/8972","targetHints":{"allow":["GET"]}}],"collection":[{"href":"https:\/\/www.sondermuenze.ch\/it\/wp-json\/wp\/v2\/magazin"}],"about":[{"href":"https:\/\/www.sondermuenze.ch\/it\/wp-json\/wp\/v2\/types\/magazin"}],"version-history":[{"count":10,"href":"https:\/\/www.sondermuenze.ch\/it\/wp-json\/wp\/v2\/magazin\/8972\/revisions"}],"predecessor-version":[{"id":9650,"href":"https:\/\/www.sondermuenze.ch\/it\/wp-json\/wp\/v2\/magazin\/8972\/revisions\/9650"}],"wp:attachment":[{"href":"https:\/\/www.sondermuenze.ch\/it\/wp-json\/wp\/v2\/media?parent=8972"}],"curies":[{"name":"wp","href":"https:\/\/api.w.org\/{rel}","templated":true}]}}

<div class="wpb-content-wrapper">[vc_row][vc_column]<div class="section__text section__text--center intro-animation intro-animation--bottom"><h1>100 anni Vreneli da 100 franchi</h1>
<h3>Dal 1° luglio 2025 è disponibile la moneta speciale «100 anni Vreneli da 100 franchi». Con il suo design magistrale, la moneta d’oro combina perfettamente<br />
tradizione e modernità.</h3>
</div><div class="section__image section__image--center intro-animation intro-animation--bottom"><div class="picture_container"><picture><source media="(min-width: 768px)" srcset="https://www.sondermuenze.ch/wp-content/uploads/bild-vreneli-kombo-1280x730-1.png"><source media="(max-width: 767.98px)" srcset="https://www.sondermuenze.ch/wp-content/uploads/bild-vreneli-kombo-1280x730-1-768x438.png"><img decoding="async" src="https://www.sondermuenze.ch/wp-content/uploads/bild-vreneli-kombo-1280x730-1.png" alt="Gold Vreneli Bild- und Wertseite" width="1280" height="730" /></picture></div></div><div class="section__text section__text--center intro-animation intro-animation--bottom"><p>Nel 1925 la Svizzera era rappresentata dal profilo di una ragazza che lasciava vagare lo sguardo in lontananza. Oggi, invece, a raffigurarla è una giovane donna che fissa lo spettatore con sguardo fermo e deciso. Entrambe le rappresentazioni soddisfano l’obiettivo formulato nel 1895 dal Dipartimento federale delle finanze: «Il disegno della nuova moneta deve utilizzare un motivo svizzero, nazionale, una rappresentazione allegorica o storico-simbolica della Svizzera – l’Elvezia – per esprimerla in modo generalmente comprensibile». Il dritto della moneta «100 anni Vreneli da 100 franchi» ricorda la figura allegorica dell’Elvezia. La donna indossa una corona di alloro, simbolo di saggezza e trionfo, e di stella alpina, simbolo della Svizzera; il rovescio del Vreneli da 100 franchi coniato nel 1925 è raffigurato sopra la corona come moneta simbolo nazionale.</p>
</div>[vc_row_inner][vc_column_inner width=&#8221;1/2&#8243;]<div class="section__text section__text--center intro-animation intro-animation--bottom"><h4>Dritto della moneta</h4>
<p>Sul dritto della moneta, il nuovo Vreneli d’oro riprende alcuni elementi dell’originale, unendo ad esempio la croce svizzera circondata da raggi di luce sulle Alpi svizzere a genziane e rose alpine. Il ritratto della giovane donna è diviso in due. Nella metà destra, gli elementi in rilievo simboleggiano la forza che questa giovane donna trae da un glorioso passato. Nella metà sinistra, gli elementi solo abbozzati, simboleggiano il futuro e le storie che il Vreneli d’oro dovrà ancora scrivere. Accanto all’effigie della giovane donna sono incise le date dell’anniversario, incorniciate dalla scritta «CONFOEDERATIO HELVETICA».</p>
</div>[/vc_column_inner][vc_column_inner width=&#8221;1/2&#8243;]<div class="section__text section__text--center intro-animation intro-animation--bottom"><h4>Rovescio della moneta</h4>
<p>Elementi dell’originale si ritrovano anche sul rovescio del nuovo Vreneli d’oro. Una raffigurazione dettagliata del famoso Vreneli mostra l’effigie della donna più famosa della Svizzera, inserita in una composizione geometrica formata da un cerchio, una linea verticale e una linea curva. A sinistra è inciso il valore nominale di 100 franchi. I rami con le genziane e le rose alpine ricordano anch’essi l’originale. Entrambi i rami si inclinano verso il valore nominale della moneta, distogliendo così l’attenzione dall’immagine del Vreneli e dirigendola verso tale valore. La firma dell’artista Chiara Principe e la lettera «B», che indica la città di Berna, sono visibili in modo raffinato.</p>
</div>[/vc_column_inner][/vc_row_inner]<div class="section__image section__image--center intro-animation intro-animation--bottom"><div class="picture_container"><picture><source media="(min-width: 768px)" srcset="https://www.sondermuenze.ch/wp-content/uploads/verpackung-vreneli-1280x730-1.jpg"><source media="(max-width: 767.98px)" srcset="https://www.sondermuenze.ch/wp-content/uploads/verpackung-vreneli-1280x730-1-768x438.jpg"><img decoding="async" src="https://www.sondermuenze.ch/wp-content/uploads/verpackung-vreneli-1280x730-1.jpg" alt="Verpackung 100 Franken Goldvreneli" width="1280" height="730" /></picture></div></div><div class="section__text section__text--center intro-animation intro-animation--bottom"><h4>Tradition:</h4>
<p>Avete notato che il rovescio dell’originale è raffigurato sul dritto della nuova moneta? Mentre il dritto dell’originale appare ora sul rovescio della nuova moneta? L’artista Chiara Principe unisce ancora una volta tradizione e modernità.</p>
</div>[/vc_column][/vc_row]</div>
