{"id":9459,"date":"2025-07-02T09:37:32","date_gmt":"2025-07-02T07:37:32","guid":{"rendered":"https:\/\/www.sondermuenze.ch\/?post_type=magazin&#038;p=9459"},"modified":"2025-07-02T11:34:22","modified_gmt":"2025-07-02T09:34:22","slug":"la-genese-du-nouveau-vreneli","status":"publish","type":"magazin","link":"https:\/\/www.sondermuenze.ch\/fr\/magazine\/la-genese-du-nouveau-vreneli\/","title":{"rendered":"La gen\u00e8se du nouveau Vreneli"},"content":{"rendered":"<div class=\"wpb-content-wrapper\">[vc_row][vc_column]<div class=\"section__text section__text--center intro-animation intro-animation--bottom\"><h1>La gen\u00e8se du nouveau Vreneli<\/h1>\n<h3>La cr\u00e9atrice de pi\u00e8ces Chiara Principe a con\u00e7u la pi\u00e8ce sp\u00e9ciale \u00ab100 ans Vreneli de 100 francs\u00bb. Elle a document\u00e9 pour nous les 5 \u00e9tapes de la cr\u00e9ation de cette pi\u00e8ce sp\u00e9ciale.<\/h3>\n<\/div>[\/vc_column][\/vc_row][vc_row][vc_column]<div class=\"section__teaser\"><div class=\"teaser row\"><div class=\"teaser__media col-l-6 col-xs-12 intro-animation-mobile\"><div class=\"picture_container picture_container--cover\"><picture><source srcset=\"https:\/\/www.sondermuenze.ch\/wp-content\/uploads\/entstehung-design-01-1.jpg\"><img decoding=\"async\" src=\"https:\/\/www.sondermuenze.ch\/wp-content\/uploads\/entstehung-design-01-1.jpg\" alt=\"01 Conception I\" width=\"960\" height=\"850\"\/><\/picture><\/div><\/div><div class=\"teaser__content teaser__content--center col-l-6 col-xs-12 intro-animation intro-animation--left\"><div class=\"teaser__content__inside row_simple\"><h2>01 Conception I<\/h2><div class=\"teaser__content__container\"><p><strong>Esquisses \u00e0 la main<br \/>\n<\/strong>\u00abJ\u2019ai commenc\u00e9 par m\u2019impr\u00e9gner autant que possible de la pi\u00e8ce historique, de son origine, de son histoire et de sa beaut\u00e9\u00bb.<\/p>\n<\/div><\/div><\/div><\/div><\/div><div class=\"section__teaser\"><div class=\"teaser row reverse\"><div class=\"teaser__media col-l-6 col-xs-12 intro-animation-mobile\"><div class=\"picture_container picture_container--cover\"><picture><source srcset=\"https:\/\/www.sondermuenze.ch\/wp-content\/uploads\/entstehung-design-02.jpg\"><img decoding=\"async\" src=\"https:\/\/www.sondermuenze.ch\/wp-content\/uploads\/entstehung-design-02.jpg\" alt=\"02 Conception II\" width=\"960\" height=\"850\"\/><\/picture><\/div><\/div><div class=\"teaser__content teaser__content--center col-l-6 col-xs-12 intro-animation intro-animation--right\"><div class=\"teaser__content__inside row_simple\"><h2>02 Conception II<\/h2><div class=\"teaser__content__container\"><p><strong>Esquisses num\u00e9riques<br \/>\n<\/strong>\u00abLe grand d\u00e9fi consistait \u00e0 c\u00e9l\u00e9brer l\u2019histoire, l\u2019iconicit\u00e9 et la valeur affective du Vreneli avec une nouvelle pi\u00e8ce\u00bb.<\/p>\n<\/div><\/div><\/div><\/div><\/div><div class=\"section__teaser\"><div class=\"teaser row\"><div class=\"teaser__media col-l-6 col-xs-12 intro-animation-mobile\"><div class=\"picture_container picture_container--cover\"><picture><source srcset=\"https:\/\/www.sondermuenze.ch\/wp-content\/uploads\/entstehung-design-03.jpg\"><img decoding=\"async\" src=\"https:\/\/www.sondermuenze.ch\/wp-content\/uploads\/entstehung-design-03.jpg\" alt=\"03 Modelage I\" width=\"960\" height=\"850\"\/><\/picture><\/div><\/div><div class=\"teaser__content teaser__content--center col-l-6 col-xs-12 intro-animation intro-animation--left\"><div class=\"teaser__content__inside row_simple\"><h2>03 Modelage I<\/h2><div class=\"teaser__content__container\"><p><strong>Mod\u00e8le en Plastiline*<br \/>\n<\/strong>\u00abIl ne s\u2019agit pas ici du portrait d\u2019un roi ou d\u2019un souverain, comme ce que l\u2019on peut trouver sur d\u2019autres \u00abmarengos\u00bb (vrenelis d\u2019or), mais de celui d\u2019une jeune fille simple, cheveux au vent, avec les montagnes en arri\u00e8re-plan\u00bb.<\/p>\n<p>* La Plastiline est une p\u00e2te \u00e0 modeler compos\u00e9e de sels de calcium, de vaseline et d\u2019acides.<\/p>\n<\/div><\/div><\/div><\/div><\/div><div class=\"section__teaser\"><div class=\"teaser row reverse\"><div class=\"teaser__media col-l-6 col-xs-12 intro-animation-mobile\"><div class=\"picture_container picture_container--cover\"><picture><source srcset=\"https:\/\/www.sondermuenze.ch\/wp-content\/uploads\/entstehung-design-04.jpg\"><img decoding=\"async\" src=\"https:\/\/www.sondermuenze.ch\/wp-content\/uploads\/entstehung-design-04.jpg\" alt=\"04 Modelage II\" width=\"960\" height=\"850\"\/><\/picture><\/div><\/div><div class=\"teaser__content teaser__content--center col-l-6 col-xs-12 intro-animation intro-animation--right\"><div class=\"teaser__content__inside row_simple\"><h2>04 Modelage II<\/h2><div class=\"teaser__content__container\"><p><strong>Mod\u00e8le en pl\u00e2tre<br \/>\n<\/strong>\u00abLa monnaie comm\u00e9morant les 100 ans du Vreneli repr\u00e9sente une nation solidement ancr\u00e9e dans ses valeurs historiques et culturelles, et<br \/>\nqui, en affirmant cette identit\u00e9, regarde vers l\u2019avenir avec confiance\u00bb.<\/p>\n<\/div><\/div><\/div><\/div><\/div><div class=\"section__teaser\"><div class=\"teaser row\"><div class=\"teaser__media col-l-6 col-xs-12 intro-animation-mobile\"><div class=\"picture_container picture_container--cover\"><picture><source srcset=\"https:\/\/www.sondermuenze.ch\/wp-content\/uploads\/entstehung-design-05.jpg\"><img decoding=\"async\" src=\"https:\/\/www.sondermuenze.ch\/wp-content\/uploads\/entstehung-design-05.jpg\" alt=\"05 Modelage III\" width=\"960\" height=\"850\"\/><\/picture><\/div><\/div><div class=\"teaser__content teaser__content--center col-l-6 col-xs-12 intro-animation intro-animation--left\"><div class=\"teaser__content__inside row_simple\"><h2>05 Modelage III<\/h2><div class=\"teaser__content__container\"><p><strong>Mod\u00e8le num\u00e9rique<br \/>\n<\/strong>\u00abAvoir l\u2019opportunit\u00e9 de c\u00e9l\u00e9brer le 100e anniversaire du Vreneli de 100 francs \u00e9tait tr\u00e8s symbolique pour moi, en tant que femme et en tant qu\u2019artiste\u00bb.<\/p>\n<\/div><\/div><\/div><\/div><\/div><div class=\"section__button section__button--center intro-animation intro-animation--bottom\"><div class=\"button button--arrow button--filled\"><a href=\"https:\/\/www.sondermuenze.ch\/fr\/magazine\/entretien-avec-chiara-principe\/\" class=\"full\">Entretien avec Chiara Principe au sujet de son travail sur la monnaie comm\u00e9morant les 100 ans du Vreneli de 100 francs.<\/a><span><svg class=\"icon icon--arrow icon--arrow-left\"><use href=\"#icon_arrow\"><\/use><\/svg><span>Entretien avec Chiara Principe au sujet de son travail sur la monnaie comm\u00e9morant les 100 ans du Vreneli de 100 francs.<\/span><svg class=\"icon icon--arrow icon--arrow-right\"><use href=\"#icon_arrow\"><\/use><\/svg><\/span><\/div><\/div>[\/vc_column][\/vc_row]<\/div>","protected":false},"template":"","class_list":["post-9459","magazin","type-magazin","status-publish","hentry","thema-monnaies-speciales"],"acf":[],"_links":{"self":[{"href":"https:\/\/www.sondermuenze.ch\/fr\/wp-json\/wp\/v2\/magazin\/9459","targetHints":{"allow":["GET"]}}],"collection":[{"href":"https:\/\/www.sondermuenze.ch\/fr\/wp-json\/wp\/v2\/magazin"}],"about":[{"href":"https:\/\/www.sondermuenze.ch\/fr\/wp-json\/wp\/v2\/types\/magazin"}],"version-history":[{"count":2,"href":"https:\/\/www.sondermuenze.ch\/fr\/wp-json\/wp\/v2\/magazin\/9459\/revisions"}],"predecessor-version":[{"id":9641,"href":"https:\/\/www.sondermuenze.ch\/fr\/wp-json\/wp\/v2\/magazin\/9459\/revisions\/9641"}],"wp:attachment":[{"href":"https:\/\/www.sondermuenze.ch\/fr\/wp-json\/wp\/v2\/media?parent=9459"}],"curies":[{"name":"wp","href":"https:\/\/api.w.org\/{rel}","templated":true}]}}

La genèse du nouveau Vreneli

<div class="wpb-content-wrapper">[vc_row][vc_column]<div class="section__text section__text--center intro-animation intro-animation--bottom"><h1>La genèse du nouveau Vreneli</h1>
<h3>La créatrice de pièces Chiara Principe a conçu la pièce spéciale «100 ans Vreneli de 100 francs». Elle a documenté pour nous les 5 étapes de la création de cette pièce spéciale.</h3>
</div>[/vc_column][/vc_row][vc_row][vc_column]<div class="section__teaser"><div class="teaser row"><div class="teaser__media col-l-6 col-xs-12 intro-animation-mobile"><div class="picture_container picture_container--cover"><picture><source srcset="https://www.sondermuenze.ch/wp-content/uploads/entstehung-design-01-1.jpg"><img decoding="async" src="https://www.sondermuenze.ch/wp-content/uploads/entstehung-design-01-1.jpg" alt="01 Conception I" width="960" height="850"/></picture></div></div><div class="teaser__content teaser__content--center col-l-6 col-xs-12 intro-animation intro-animation--left"><div class="teaser__content__inside row_simple"><h2>01 Conception I</h2><div class="teaser__content__container"><p><strong>Esquisses à la main<br />
</strong>«J’ai commencé par m’imprégner autant que possible de la pièce historique, de son origine, de son histoire et de sa beauté».</p>
</div></div></div></div></div><div class="section__teaser"><div class="teaser row reverse"><div class="teaser__media col-l-6 col-xs-12 intro-animation-mobile"><div class="picture_container picture_container--cover"><picture><source srcset="https://www.sondermuenze.ch/wp-content/uploads/entstehung-design-02.jpg"><img decoding="async" src="https://www.sondermuenze.ch/wp-content/uploads/entstehung-design-02.jpg" alt="02 Conception II" width="960" height="850"/></picture></div></div><div class="teaser__content teaser__content--center col-l-6 col-xs-12 intro-animation intro-animation--right"><div class="teaser__content__inside row_simple"><h2>02 Conception II</h2><div class="teaser__content__container"><p><strong>Esquisses numériques<br />
</strong>«Le grand défi consistait à célébrer l’histoire, l’iconicité et la valeur affective du Vreneli avec une nouvelle pièce».</p>
</div></div></div></div></div><div class="section__teaser"><div class="teaser row"><div class="teaser__media col-l-6 col-xs-12 intro-animation-mobile"><div class="picture_container picture_container--cover"><picture><source srcset="https://www.sondermuenze.ch/wp-content/uploads/entstehung-design-03.jpg"><img decoding="async" src="https://www.sondermuenze.ch/wp-content/uploads/entstehung-design-03.jpg" alt="03 Modelage I" width="960" height="850"/></picture></div></div><div class="teaser__content teaser__content--center col-l-6 col-xs-12 intro-animation intro-animation--left"><div class="teaser__content__inside row_simple"><h2>03 Modelage I</h2><div class="teaser__content__container"><p><strong>Modèle en Plastiline*<br />
</strong>«Il ne s’agit pas ici du portrait d’un roi ou d’un souverain, comme ce que l’on peut trouver sur d’autres «marengos» (vrenelis d’or), mais de celui d’une jeune fille simple, cheveux au vent, avec les montagnes en arrière-plan».</p>
<p>* La Plastiline est une pâte à modeler composée de sels de calcium, de vaseline et d’acides.</p>
</div></div></div></div></div><div class="section__teaser"><div class="teaser row reverse"><div class="teaser__media col-l-6 col-xs-12 intro-animation-mobile"><div class="picture_container picture_container--cover"><picture><source srcset="https://www.sondermuenze.ch/wp-content/uploads/entstehung-design-04.jpg"><img decoding="async" src="https://www.sondermuenze.ch/wp-content/uploads/entstehung-design-04.jpg" alt="04 Modelage II" width="960" height="850"/></picture></div></div><div class="teaser__content teaser__content--center col-l-6 col-xs-12 intro-animation intro-animation--right"><div class="teaser__content__inside row_simple"><h2>04 Modelage II</h2><div class="teaser__content__container"><p><strong>Modèle en plâtre<br />
</strong>«La monnaie commémorant les 100 ans du Vreneli représente une nation solidement ancrée dans ses valeurs historiques et culturelles, et<br />
qui, en affirmant cette identité, regarde vers l’avenir avec confiance».</p>
</div></div></div></div></div><div class="section__teaser"><div class="teaser row"><div class="teaser__media col-l-6 col-xs-12 intro-animation-mobile"><div class="picture_container picture_container--cover"><picture><source srcset="https://www.sondermuenze.ch/wp-content/uploads/entstehung-design-05.jpg"><img decoding="async" src="https://www.sondermuenze.ch/wp-content/uploads/entstehung-design-05.jpg" alt="05 Modelage III" width="960" height="850"/></picture></div></div><div class="teaser__content teaser__content--center col-l-6 col-xs-12 intro-animation intro-animation--left"><div class="teaser__content__inside row_simple"><h2>05 Modelage III</h2><div class="teaser__content__container"><p><strong>Modèle numérique<br />
</strong>«Avoir l’opportunité de célébrer le 100e anniversaire du Vreneli de 100 francs était très symbolique pour moi, en tant que femme et en tant qu’artiste».</p>
</div></div></div></div></div><div class="section__button section__button--center intro-animation intro-animation--bottom"><div class="button button--arrow button--filled"><a href="https://www.sondermuenze.ch/fr/magazine/entretien-avec-chiara-principe/" class="full">Entretien avec Chiara Principe au sujet de son travail sur la monnaie commémorant les 100 ans du Vreneli de 100 francs.</a><span><svg class="icon icon--arrow icon--arrow-left"><use href="#icon_arrow"></use></svg><span>Entretien avec Chiara Principe au sujet de son travail sur la monnaie commémorant les 100 ans du Vreneli de 100 francs.</span><svg class="icon icon--arrow icon--arrow-right"><use href="#icon_arrow"></use></svg></span></div></div>[/vc_column][/vc_row]</div>
