{"id":7834,"date":"2024-12-03T10:25:04","date_gmt":"2024-12-03T09:25:04","guid":{"rendered":"https:\/\/www.sondermuenze.ch\/?post_type=magazin&#038;p=7834"},"modified":"2024-12-06T10:16:23","modified_gmt":"2024-12-06T09:16:23","slug":"piece-dor-de-25-francs-2024","status":"publish","type":"magazin","link":"https:\/\/www.sondermuenze.ch\/fr\/magazine\/piece-dor-de-25-francs-2024\/","title":{"rendered":"Pi\u00e8ce d\u2019or de 25 francs 2024"},"content":{"rendered":"<div class=\"wpb-content-wrapper\">[vc_row][vc_column]<div class=\"section__text section__text--lead section__text--center intro-animation intro-animation--bottom\"><h1>Pi\u00e8ce d\u2019or de 25 francs 2024<\/h1>\n<p>Cette pi\u00e8ce est la premi\u00e8re d\u2019une s\u00e9rie sp\u00e9ciale qui sera \u00e9mise une fois par an \u00e0 partir de 2026.<\/p>\n<\/div><div class=\"section__teaser_special\"><div class=\"teaser_special row_simple middle-xs \"><div class=\"teaser_special__media col-l-6 col-xs-12 intro-animation-mobile\"><div class=\"picture_container\"><picture><source srcset=\"https:\/\/www.sondermuenze.ch\/wp-content\/uploads\/web-hq-sondermuenze-25frankengld-850x960px-1.jpg\"><img decoding=\"async\" src=\"https:\/\/www.sondermuenze.ch\/wp-content\/uploads\/web-hq-sondermuenze-25frankengld-850x960px-1.jpg\" alt=\"25 Franken Goldm\u00fcnze\" width=\"960\" height=\"850\"\/><\/picture><\/div><\/div><div class=\"teaser_special__content col-l-6 col-xs-12 intro-animation intro-animation--left\"><div class=\"teaser_special__content__inside\"><p>Le 1<sup>er<\/sup> novembre 2024, Swissmint a lanc\u00e9 la pi\u00e8ce d\u2019or de 25 francs 2024, qui rappelle les classiques des ann\u00e9es 1955, 1958 et 1959. Les pi\u00e8ces de 1955, 1958 et 1959 portent la l\u00e9gende \u00abIN ARMIS LIBERTAS ET PAX\u00bb. Elles font partie des pi\u00e8ces d\u2019or suisses les plus rares, car elles n\u2019ont jamais \u00e9t\u00e9 commercialis\u00e9es. Apr\u00e8s que laBanque nationale suisse en a fait refondre unegrande partie, il en reste 20&rsquo;000 exemplaires par type et par mill\u00e9sime.<\/p>\n<p>Il n\u2019est cependant pas pr\u00e9vu de vendre ces pi\u00e8ces \u00e0 des collectionneurs. Une seule est aux mains d\u2019un particulier. En 2019, une pi\u00e8ce d\u2019or de 25 francs et une de 50 francs (toutes deux frapp\u00e9es en 1959) ont \u00e9t\u00e9 vendues pour 97&rsquo;600 francs par la maison de vente aux ench\u00e8res Rapp.<\/p>\n<\/div><\/div><\/div><\/div><div class=\"section__teaser_special\"><div class=\"teaser_special row_simple reverse middle-xs \"><div class=\"teaser_special__media col-l-6 col-xs-12 intro-animation-mobile\"><div class=\"picture_container\"><picture><source srcset=\"https:\/\/www.sondermuenze.ch\/wp-content\/uploads\/web-hq-sondermuenze-25frankengold2-850x960px.jpg\"><img decoding=\"async\" src=\"https:\/\/www.sondermuenze.ch\/wp-content\/uploads\/web-hq-sondermuenze-25frankengold2-850x960px.jpg\" alt=\"25 Franken Goldm\u00fcnze\" width=\"960\" height=\"850\"\/><\/picture><\/div><\/div><div class=\"teaser_special__content col-l-6 col-xs-12 intro-animation intro-animation--right\"><div class=\"teaser_special__content__inside\"><p>Au moment de la frappe des pi\u00e8ces d\u2019or de 25 francs, une nouvelle monnaie d\u2019or \u00e9tait pr\u00e9vue, mais elle n\u2019a jamais \u00e9t\u00e9 lanc\u00e9e, car les motifs pr\u00e9vus ont donn\u00e9 lieu \u00e0 des controverses. Le Conseil suisse de la paix a \u00e9t\u00e9 particuli\u00e8rement \u00e9mu de la l\u00e9gende latine \u00ab IN ARMIS LIBERTAS ET PAX \u00bb (litt\u00e9ralement \u00ab La paix et la libert\u00e9 par les armes \u00bb). Cause d\u2019\u00e9moi autrefois, cette l\u00e9gende rend aujourd\u2019hui cette pi\u00e8ce d\u2019autant plus pr\u00e9cieuse.<\/p>\n<p>En hommage \u00e0 ces monnaies, l\u2019\u00e9dition 2024 de la pi\u00e8ce d\u2019or de 25 francs porte, au revers, la croix suisse, la valeur de 25 francs et la l\u00e9gende circulaire \u00ab CONFOEDERATIO HELVETICA\u00bb. L\u2019avers est en revanche nouveau. Il rappelle de loin le vreneli de 20 francs de 1871 puisqu\u2019il repr\u00e9sente l\u2019\u00e9cu suisse avec une croix form\u00e9e de cinq carr\u00e9s \u00e9gaux sur des branches de rhododendron en fleurs. L\u2019\u00e9cu est entour\u00e9 de la l\u00e9gende \u00ab SWITZERLAND \u00bb et du mill\u00e9sime 2024.<\/p>\n<p>L\u2019inscription de la tranche se compose de treize \u00e9toiles et de la l\u00e9gende \u00ab DOMINUS PROVIDEBIT\u00bb. Cette expression, qui signifie \u00abLe seigneur y veillera\u00bb, puise ses origines dans la Bible (GEN\u00c8SE 22.8). Apparue pour la premi\u00e8re fois en 1716 en l\u00e9gende des monnaies bernoises, elle est utilis\u00e9e depuis 1888 sur les pi\u00e8ces de 5 francs. C\u2019est la premi\u00e8re fois qu\u2019elle est frapp\u00e9e sur une pi\u00e8ce d\u2019or de 25 francs moderne, ce qui rend l\u2019\u00e9dition de 2024 unique. L\u2019\u00e9dition 2024 de la pi\u00e8ce d\u2019or de 25 francs a \u00e9t\u00e9 tir\u00e9e \u00e0 5&rsquo;000 exemplaires en qualit\u00e9 \u00abflan bruni\u00bb.<\/p>\n<p>Les collectionneurs attendent d\u00e9j\u00e0 avec impatience les pi\u00e8ces d\u2019or de 25 francs qui seront \u00e9mises dans ce design une fois par an \u00e0 partir de 2026.<\/p>\n<\/div><\/div><\/div><\/div><div class=\"section__text intro-animation intro-animation--bottom\"><p class=\"p1\"><span class=\"s1\"><b>Source:<br \/>\n<\/b><\/span><span class=\"s1\">cash.ch<br \/>\n<\/span><span class=\"s1\">rapp-auktionen.ch<\/span><\/p>\n<\/div>[\/vc_column][\/vc_row]<\/div>","protected":false},"template":"","class_list":["post-7834","magazin","type-magazin","status-publish","hentry"],"acf":[],"_links":{"self":[{"href":"https:\/\/www.sondermuenze.ch\/fr\/wp-json\/wp\/v2\/magazin\/7834","targetHints":{"allow":["GET"]}}],"collection":[{"href":"https:\/\/www.sondermuenze.ch\/fr\/wp-json\/wp\/v2\/magazin"}],"about":[{"href":"https:\/\/www.sondermuenze.ch\/fr\/wp-json\/wp\/v2\/types\/magazin"}],"version-history":[{"count":6,"href":"https:\/\/www.sondermuenze.ch\/fr\/wp-json\/wp\/v2\/magazin\/7834\/revisions"}],"predecessor-version":[{"id":8347,"href":"https:\/\/www.sondermuenze.ch\/fr\/wp-json\/wp\/v2\/magazin\/7834\/revisions\/8347"}],"wp:attachment":[{"href":"https:\/\/www.sondermuenze.ch\/fr\/wp-json\/wp\/v2\/media?parent=7834"}],"curies":[{"name":"wp","href":"https:\/\/api.w.org\/{rel}","templated":true}]}}

Pièce d’or de 25 francs 2024

<div class="wpb-content-wrapper">[vc_row][vc_column]<div class="section__text section__text--lead section__text--center intro-animation intro-animation--bottom"><h1>Pièce d’or de 25 francs 2024</h1>
<p>Cette pièce est la première d’une série spéciale qui sera émise une fois par an à partir de 2026.</p>
</div><div class="section__teaser_special"><div class="teaser_special row_simple middle-xs "><div class="teaser_special__media col-l-6 col-xs-12 intro-animation-mobile"><div class="picture_container"><picture><source srcset="https://www.sondermuenze.ch/wp-content/uploads/web-hq-sondermuenze-25frankengld-850x960px-1.jpg"><img decoding="async" src="https://www.sondermuenze.ch/wp-content/uploads/web-hq-sondermuenze-25frankengld-850x960px-1.jpg" alt="25 Franken Goldmünze" width="960" height="850"/></picture></div></div><div class="teaser_special__content col-l-6 col-xs-12 intro-animation intro-animation--left"><div class="teaser_special__content__inside"><p>Le 1<sup>er</sup> novembre 2024, Swissmint a lancé la pièce d’or de 25 francs 2024, qui rappelle les classiques des années 1955, 1958 et 1959. Les pièces de 1955, 1958 et 1959 portent la légende «IN ARMIS LIBERTAS ET PAX». Elles font partie des pièces d’or suisses les plus rares, car elles n’ont jamais été commercialisées. Après que laBanque nationale suisse en a fait refondre unegrande partie, il en reste 20&rsquo;000 exemplaires par type et par millésime.</p>
<p>Il n’est cependant pas prévu de vendre ces pièces à des collectionneurs. Une seule est aux mains d’un particulier. En 2019, une pièce d’or de 25 francs et une de 50 francs (toutes deux frappées en 1959) ont été vendues pour 97&rsquo;600 francs par la maison de vente aux enchères Rapp.</p>
</div></div></div></div><div class="section__teaser_special"><div class="teaser_special row_simple reverse middle-xs "><div class="teaser_special__media col-l-6 col-xs-12 intro-animation-mobile"><div class="picture_container"><picture><source srcset="https://www.sondermuenze.ch/wp-content/uploads/web-hq-sondermuenze-25frankengold2-850x960px.jpg"><img decoding="async" src="https://www.sondermuenze.ch/wp-content/uploads/web-hq-sondermuenze-25frankengold2-850x960px.jpg" alt="25 Franken Goldmünze" width="960" height="850"/></picture></div></div><div class="teaser_special__content col-l-6 col-xs-12 intro-animation intro-animation--right"><div class="teaser_special__content__inside"><p>Au moment de la frappe des pièces d’or de 25 francs, une nouvelle monnaie d’or était prévue, mais elle n’a jamais été lancée, car les motifs prévus ont donné lieu à des controverses. Le Conseil suisse de la paix a été particulièrement ému de la légende latine « IN ARMIS LIBERTAS ET PAX » (littéralement « La paix et la liberté par les armes »). Cause d’émoi autrefois, cette légende rend aujourd’hui cette pièce d’autant plus précieuse.</p>
<p>En hommage à ces monnaies, l’édition 2024 de la pièce d’or de 25 francs porte, au revers, la croix suisse, la valeur de 25 francs et la légende circulaire « CONFOEDERATIO HELVETICA». L’avers est en revanche nouveau. Il rappelle de loin le vreneli de 20 francs de 1871 puisqu’il représente l’écu suisse avec une croix formée de cinq carrés égaux sur des branches de rhododendron en fleurs. L’écu est entouré de la légende « SWITZERLAND » et du millésime 2024.</p>
<p>L’inscription de la tranche se compose de treize étoiles et de la légende « DOMINUS PROVIDEBIT». Cette expression, qui signifie «Le seigneur y veillera», puise ses origines dans la Bible (GENÈSE 22.8). Apparue pour la première fois en 1716 en légende des monnaies bernoises, elle est utilisée depuis 1888 sur les pièces de 5 francs. C’est la première fois qu’elle est frappée sur une pièce d’or de 25 francs moderne, ce qui rend l’édition de 2024 unique. L’édition 2024 de la pièce d’or de 25 francs a été tirée à 5&rsquo;000 exemplaires en qualité «flan bruni».</p>
<p>Les collectionneurs attendent déjà avec impatience les pièces d’or de 25 francs qui seront émises dans ce design une fois par an à partir de 2026.</p>
</div></div></div></div><div class="section__text intro-animation intro-animation--bottom"><p class="p1"><span class="s1"><b>Source:<br />
</b></span><span class="s1">cash.ch<br />
</span><span class="s1">rapp-auktionen.ch</span></p>
</div>[/vc_column][/vc_row]</div>
