{"id":6872,"date":"2024-07-03T08:41:43","date_gmt":"2024-07-03T06:41:43","guid":{"rendered":"https:\/\/www.sondermuenze.ch\/?post_type=magazin&#038;p=6872"},"modified":"2024-07-04T10:46:35","modified_gmt":"2024-07-04T08:46:35","slug":"monnaie-speciale-telecabine-schilthorn","status":"publish","type":"magazin","link":"https:\/\/www.sondermuenze.ch\/fr\/magazine\/monnaie-speciale-telecabine-schilthorn\/","title":{"rendered":"Monnaie sp\u00e9ciale  \u00abT\u00e9l\u00e9cabine Schilthorn\u00bb"},"content":{"rendered":"<div class=\"wpb-content-wrapper\">[vc_row][vc_column]<div class=\"section__text section__text--lead section__text--center intro-animation intro-animation--bottom\"><h1>Monnaie sp\u00e9ciale \u00abT\u00e9l\u00e9cabine Schilthorn\u00bb<\/h1>\n<p>La troisi\u00e8me pi\u00e8ce en argent de la s\u00e9rie consacr\u00e9e aux \u00abt\u00e9l\u00e9ph\u00e9riques suisses\u00bb met \u00e0 l\u2019honneur la t\u00e9l\u00e9cabinedu Schilthorn et cl\u00f4t la trilogie.<\/p>\n<\/div><div class=\"section__teaser_special\"><div class=\"teaser_special row_simple middle-xs \"><div class=\"teaser_special__media col-l-6 col-xs-12 intro-animation-mobile\"><div class=\"picture_container\"><picture><source srcset=\"https:\/\/www.sondermuenze.ch\/wp-content\/uploads\/swissmint-sondermuenze-schilthorn-vs-960x960px-1.jpg\"><img decoding=\"async\" src=\"https:\/\/www.sondermuenze.ch\/wp-content\/uploads\/swissmint-sondermuenze-schilthorn-vs-960x960px-1.jpg\" alt=\"Monnaie sp\u00e9ciale \u00abT\u00e9l\u00e9cabine Schilthorn\u00bb\" width=\"960\" height=\"960\"\/><\/picture><\/div><\/div><div class=\"teaser_special__content col-l-6 col-xs-12 intro-animation intro-animation--left\"><div class=\"teaser_special__content__inside\"><p>Bien qu\u2019elle ait \u00e9t\u00e9 cr\u00e9\u00e9e en vue de l\u2019ach\u00e8vement du projet Schilthornbahn 20XX, elle met en avant la t\u00e9l\u00e9cabine construite il y a 60 ans.<\/p>\n<\/div><\/div><\/div><\/div><div class=\"section__teaser_special\"><div class=\"teaser_special row_simple reverse middle-xs \"><div class=\"teaser_special__media col-l-6 col-xs-12 intro-animation-mobile\"><div class=\"picture_container\"><picture><source srcset=\"https:\/\/www.sondermuenze.ch\/wp-content\/uploads\/swissmint-sondermuenze-schilthorn-rs-960x960px-1.jpg\"><img decoding=\"async\" src=\"https:\/\/www.sondermuenze.ch\/wp-content\/uploads\/swissmint-sondermuenze-schilthorn-rs-960x960px-1.jpg\" alt=\"Monnaie sp\u00e9ciale \u00abT\u00e9l\u00e9cabine Schilthorn\u00bb\" width=\"960\" height=\"960\"\/><\/picture><\/div><\/div><div class=\"teaser_special__content col-l-6 col-xs-12 intro-animation intro-animation--right\"><div class=\"teaser_special__content__inside\"><p>L\u2019avers pr\u00e9sente le t\u00e9l\u00e9ph\u00e9rique actuel, alors que le revers est consacr\u00e9 au massif du Schilthorn. Une pi\u00e8ce indispensable pour tous les collectionneurs et amateurs de monnaies suisses, des films de James Bond et des montagnes helv\u00e9tiques.<\/p>\n<\/div><\/div><\/div><\/div>[vc_row_inner][vc_column_inner width=\u00a0\u00bb1\/2&Prime;]<div class=\"section__text section__text--center intro-animation intro-animation--bottom\"><h3>Les 60 ans d\u2019histoire de Schilthornbahn AG<\/h3>\n<p>\u00abNous sommes ravis que la monnaie sp\u00e9ciale du Schilthorn fasse partie de la trilogie consacr\u00e9e aux t\u00e9l\u00e9ph\u00e9riques, aux c\u00f4t\u00e9s de deux autres importantes soci\u00e9t\u00e9s de remont\u00e9es m\u00e9caniques suisses. En d\u00e9cembre 2024, nous ouvrirons les deux premiers tron\u00e7ons de la nouvelle liaison, qui sera construite progressivement d\u2019ici \u00e0 2026 entre la vall\u00e9e et le sommet du Schilthorn. Cette nouvelle construction est une \u00e9tape cl\u00e9 dans l\u2019histoire de l\u2019entreprise Schilthornbahn AG, cr\u00e9\u00e9e il y a plus de 60 ans, et traversera les prochaines d\u00e9cennies avec nous. La pi\u00e8ce en argent est donc un bel hommage \u00e0 l\u2019ancienne t\u00e9l\u00e9cabine, qui durant de nombreu\u00adses ann\u00e9es, a transport\u00e9 les visiteurs d\u2019ici ou d\u2019ailleurs jusqu\u2019au Schilt\u00adhorn-Piz Gloria.\u00bb Schilthornbahn AG.<\/p>\n<p>Plus d\u2019informations sur le t\u00e9l\u00e9ph\u00e9rique du Schilthorn:<br \/>\n<a href=\"http:\/\/schilthorn.ch\" target=\"_blank\" rel=\"noopener\"><strong>schilthorn.ch<\/strong><\/a><\/p>\n<\/div>[\/vc_column_inner][vc_column_inner width=\u00a0\u00bb1\/2&Prime;]<div class=\"section__text section__text--center intro-animation intro-animation--bottom\"><h3>\u00c0 propos du projet Schilthornbahn 20XX<\/h3>\n<p>La nouvelle liaison directe entre Stechelberg et M\u00fcrren et le nouveau t\u00e9l\u00e9ph\u00e9rique Funifor entre M\u00fcrren et Birg seront mis en service le 13 d\u00e9cembre 2024. Le t\u00e9l\u00e9ph\u00e9rique Funifor entre Birg et le Schilthorn ouvrira quant \u00e0 lui le 15 mars 2025. Il s\u2019agit d\u2019un projet remarquable d\u2019un point de vue technologique. Le Schilthorn accueillera le t\u00e9l\u00e9ph\u00e9rique le plus rapide du monde (pente de 160\u2009%, d\u00e9nivel\u00e9 de 775\u2009m sur un parcours de 1194\u2009m) et, sur les tron\u00e7ons 2 et 3, qui m\u00e8nent jusqu\u2019au sommet, il sera dot\u00e9 des premiers t\u00e9l\u00e9ph\u00e9riques en Suisse b\u00e9n\u00e9ficiant de la technologie Funifor, laquelle garantit une grande stabilit\u00e9 au vent.<\/p>\n<p>&nbsp;<\/p>\n<p>Pour plus d\u2019informations sur le projet:<br \/>\n<a href=\"http:\/\/schilthornbahn20xx.ch\" target=\"_blank\" rel=\"noopener\"><strong>schilthornbahn20xx.ch<\/strong><\/a><\/p>\n<\/div>[\/vc_column_inner][\/vc_row_inner][\/vc_column][\/vc_row]<\/div>","protected":false},"template":"","class_list":["post-6872","magazin","type-magazin","status-publish","hentry","thema-monnaies-speciales"],"acf":[],"_links":{"self":[{"href":"https:\/\/www.sondermuenze.ch\/fr\/wp-json\/wp\/v2\/magazin\/6872","targetHints":{"allow":["GET"]}}],"collection":[{"href":"https:\/\/www.sondermuenze.ch\/fr\/wp-json\/wp\/v2\/magazin"}],"about":[{"href":"https:\/\/www.sondermuenze.ch\/fr\/wp-json\/wp\/v2\/types\/magazin"}],"version-history":[{"count":7,"href":"https:\/\/www.sondermuenze.ch\/fr\/wp-json\/wp\/v2\/magazin\/6872\/revisions"}],"predecessor-version":[{"id":7265,"href":"https:\/\/www.sondermuenze.ch\/fr\/wp-json\/wp\/v2\/magazin\/6872\/revisions\/7265"}],"wp:attachment":[{"href":"https:\/\/www.sondermuenze.ch\/fr\/wp-json\/wp\/v2\/media?parent=6872"}],"curies":[{"name":"wp","href":"https:\/\/api.w.org\/{rel}","templated":true}]}}

Monnaie spéciale  «Télécabine Schilthorn»

<div class="wpb-content-wrapper">[vc_row][vc_column]<div class="section__text section__text--lead section__text--center intro-animation intro-animation--bottom"><h1>Monnaie spéciale «Télécabine Schilthorn»</h1>
<p>La troisième pièce en argent de la série consacrée aux «téléphériques suisses» met à l’honneur la télécabinedu Schilthorn et clôt la trilogie.</p>
</div><div class="section__teaser_special"><div class="teaser_special row_simple middle-xs "><div class="teaser_special__media col-l-6 col-xs-12 intro-animation-mobile"><div class="picture_container"><picture><source srcset="https://www.sondermuenze.ch/wp-content/uploads/swissmint-sondermuenze-schilthorn-vs-960x960px-1.jpg"><img decoding="async" src="https://www.sondermuenze.ch/wp-content/uploads/swissmint-sondermuenze-schilthorn-vs-960x960px-1.jpg" alt="Monnaie spéciale «Télécabine Schilthorn»" width="960" height="960"/></picture></div></div><div class="teaser_special__content col-l-6 col-xs-12 intro-animation intro-animation--left"><div class="teaser_special__content__inside"><p>Bien qu’elle ait été créée en vue de l’achèvement du projet Schilthornbahn 20XX, elle met en avant la télécabine construite il y a 60 ans.</p>
</div></div></div></div><div class="section__teaser_special"><div class="teaser_special row_simple reverse middle-xs "><div class="teaser_special__media col-l-6 col-xs-12 intro-animation-mobile"><div class="picture_container"><picture><source srcset="https://www.sondermuenze.ch/wp-content/uploads/swissmint-sondermuenze-schilthorn-rs-960x960px-1.jpg"><img decoding="async" src="https://www.sondermuenze.ch/wp-content/uploads/swissmint-sondermuenze-schilthorn-rs-960x960px-1.jpg" alt="Monnaie spéciale «Télécabine Schilthorn»" width="960" height="960"/></picture></div></div><div class="teaser_special__content col-l-6 col-xs-12 intro-animation intro-animation--right"><div class="teaser_special__content__inside"><p>L’avers présente le téléphérique actuel, alors que le revers est consacré au massif du Schilthorn. Une pièce indispensable pour tous les collectionneurs et amateurs de monnaies suisses, des films de James Bond et des montagnes helvétiques.</p>
</div></div></div></div>[vc_row_inner][vc_column_inner width= »1/2&Prime;]<div class="section__text section__text--center intro-animation intro-animation--bottom"><h3>Les 60 ans d’histoire de Schilthornbahn AG</h3>
<p>«Nous sommes ravis que la monnaie spéciale du Schilthorn fasse partie de la trilogie consacrée aux téléphériques, aux côtés de deux autres importantes sociétés de remontées mécaniques suisses. En décembre 2024, nous ouvrirons les deux premiers tronçons de la nouvelle liaison, qui sera construite progressivement d’ici à 2026 entre la vallée et le sommet du Schilthorn. Cette nouvelle construction est une étape clé dans l’histoire de l’entreprise Schilthornbahn AG, créée il y a plus de 60 ans, et traversera les prochaines décennies avec nous. La pièce en argent est donc un bel hommage à l’ancienne télécabine, qui durant de nombreu­ses années, a transporté les visiteurs d’ici ou d’ailleurs jusqu’au Schilt­horn-Piz Gloria.» Schilthornbahn AG.</p>
<p>Plus d’informations sur le téléphérique du Schilthorn:<br />
<a href="http://schilthorn.ch" target="_blank" rel="noopener"><strong>schilthorn.ch</strong></a></p>
</div>[/vc_column_inner][vc_column_inner width= »1/2&Prime;]<div class="section__text section__text--center intro-animation intro-animation--bottom"><h3>À propos du projet Schilthornbahn 20XX</h3>
<p>La nouvelle liaison directe entre Stechelberg et Mürren et le nouveau téléphérique Funifor entre Mürren et Birg seront mis en service le 13 décembre 2024. Le téléphérique Funifor entre Birg et le Schilthorn ouvrira quant à lui le 15 mars 2025. Il s’agit d’un projet remarquable d’un point de vue technologique. Le Schilthorn accueillera le téléphérique le plus rapide du monde (pente de 160 %, dénivelé de 775 m sur un parcours de 1194 m) et, sur les tronçons 2 et 3, qui mènent jusqu’au sommet, il sera doté des premiers téléphériques en Suisse bénéficiant de la technologie Funifor, laquelle garantit une grande stabilité au vent.</p>
<p>&nbsp;</p>
<p>Pour plus d’informations sur le projet:<br />
<a href="http://schilthornbahn20xx.ch" target="_blank" rel="noopener"><strong>schilthornbahn20xx.ch</strong></a></p>
</div>[/vc_column_inner][/vc_row_inner][/vc_column][/vc_row]</div>
