{"id":8964,"date":"2025-07-02T09:38:17","date_gmt":"2025-07-02T07:38:17","guid":{"rendered":"https:\/\/www.sondermuenze.ch\/?post_type=magazin&#038;p=8964"},"modified":"2025-07-02T11:36:10","modified_gmt":"2025-07-02T09:36:10","slug":"100-jahre-100fr-vreneli","status":"publish","type":"magazin","link":"https:\/\/www.sondermuenze.ch\/de\/magazin\/100-jahre-100fr-vreneli\/","title":{"rendered":"100-Jahre 100 Franken Vreneli"},"content":{"rendered":"<div class=\"wpb-content-wrapper\">[vc_row][vc_column]<div class=\"section__text section__text--center intro-animation intro-animation--bottom\"><h1>100 Jahre 100-Franken Vreneli<\/h1>\n<h3>Seit dem 1. Juli 2025 ist die Sonderm\u00fcnze \u00ab100 Jahre 100-Franken Vreneli\u00bb erh\u00e4ltlich. Die meisterhaft gestaltete Goldm\u00fcnze verbindet auf eindrucksvolle Weise Tradition und Moderne.<\/h3>\n<\/div><div class=\"section__image section__image--center intro-animation intro-animation--bottom\"><div class=\"picture_container\"><picture><source media=\"(min-width: 768px)\" srcset=\"https:\/\/www.sondermuenze.ch\/wp-content\/uploads\/bild-vreneli-kombo-1280x730-1.png\"><source media=\"(max-width: 767.98px)\" srcset=\"https:\/\/www.sondermuenze.ch\/wp-content\/uploads\/bild-vreneli-kombo-1280x730-1-768x438.png\"><img decoding=\"async\" src=\"https:\/\/www.sondermuenze.ch\/wp-content\/uploads\/bild-vreneli-kombo-1280x730-1.png\" alt=\"Gold Vreneli Bild- und Wertseite\" width=\"1280\" height=\"730\" \/><\/picture><\/div><\/div><div class=\"section__text section__text--center intro-animation intro-animation--bottom\"><p>W\u00e4hrend die Schweiz 1925 von einem jungen M\u00e4dchen im Profil dargestellt wurde, das den Blick in die Ferne schweifen l\u00e4sst, ist es heute eine junge Frau, die ihren Blick fest und entschlossen auf den Betrachter richtet. Beide Darstellungen erf\u00fcllen das 1895 vom eidgen\u00f6ssischen Finanzdepartement formulierte Ziel: \u00abDas neue M\u00fcnzbild soll durch ein schweizerisches, nationales Motiv, durch allegorische oder historisch-symbolische Darstellung der Schweiz \u2013 die Helvetia \u2013 zum allgemein-verst\u00e4ndlichen Ausdrucke bringen.\u00bb So erinnert die Bildseite des \u00ab100 Jahre 100-Franken Vreneli\u00bb an diese allegorische Figur der Helvetia. Sie tr\u00e4gt eine Krone aus Lorbeer, dem Symbol f\u00fcr Weisheit und Triumph, und aus Edelweiss, dem Symbol f\u00fcr die Schweiz; die Wertseite des 1925 gepr\u00e4gten 100-Franken Vreneli \u00fcberragt ihre Krone als nationale Symbolm\u00fcnze.<\/p>\n<\/div>[vc_row_inner][vc_column_inner width=&#8220;1\/2&#8243;]<div class=\"section__text section__text--center intro-animation intro-animation--bottom\"><h4>Bildseite<\/h4>\n<p>Auf der Bildseite greift das neue Goldvreneli Elemente des Originals auf und verbindet so das strahlende Schweizerkreuz \u00fcber den Schweizer Alpen mit Enzian und Alpenrosen. Das Bildnis der jungen Frau erscheint auf der Bildseite zweigeteilt. Rechts symbolisieren die Elemente in Relief die Kraft, die diese junge Frau aus der Gewissheit einer grossen Vergangenheit sch\u00f6pft. Links symbolisieren die nur angedeuteten Elemente die Zukunft und die Geschichten, die das Goldvreneli noch schreiben wird. Neben dem Bildnis der jungen Frau sind die Jubil\u00e4umsdaten eingepr\u00e4gt, umrahmt vom Schriftzug \u00abCONFOEDERATIO HELVETICA\u00bb.<\/p>\n<\/div>[\/vc_column_inner][vc_column_inner width=&#8220;1\/2&#8243;]<div class=\"section__text section__text--center intro-animation intro-animation--bottom\"><h4>Wertseite<\/h4>\n<p>Auch auf der Wertseite des neuen Goldvreneli finden sich Elemente des Originals. Eine Detailansicht des ber\u00fchmten Vreneli zeigt das Bildnis der wohl bekanntesten Schweizerin, eingebettet in eine geometrische Komposition aus einem Kreis, senkrechter und gerundeter Linie. Links daneben der Nennwert von 100 Franken. Die Zweige mit Enzianen und Alpenrosen erinnern wiederum an das Original. Beide Zweige neigen sich zum Nennwert der M\u00fcnze hin und lenken so den Blick weg vom Vreneli-Bild, hin zum Nennwert der neuen M\u00fcnze. Die Signatur der K\u00fcnstlerin Chiara Principe und ein \u00abB\u00bb f\u00fcr Bern sind fein zu erkennen.<\/p>\n<\/div>[\/vc_column_inner][\/vc_row_inner]<div class=\"section__image section__image--center intro-animation intro-animation--bottom\"><div class=\"picture_container\"><picture><source media=\"(min-width: 768px)\" srcset=\"https:\/\/www.sondermuenze.ch\/wp-content\/uploads\/verpackung-vreneli-1280x730-1.jpg\"><source media=\"(max-width: 767.98px)\" srcset=\"https:\/\/www.sondermuenze.ch\/wp-content\/uploads\/verpackung-vreneli-1280x730-1-768x438.jpg\"><img decoding=\"async\" src=\"https:\/\/www.sondermuenze.ch\/wp-content\/uploads\/verpackung-vreneli-1280x730-1.jpg\" alt=\"Verpackung 100 Franken Goldvreneli\" width=\"1280\" height=\"730\" \/><\/picture><\/div><\/div><div class=\"section__text section__text--center intro-animation intro-animation--bottom\"><h4>Tradition:<\/h4>\n<p>Haben Sie bemerkt, dass die Wertseite des Originals auf der Bildseite der neuen M\u00fcnze abgebildet ist? Und die Bildseite des Originals auf der Wertseite der neuen M\u00fcnze? So verbindet die K\u00fcnstlerin Chiara Principe einmal mehr Tradition und Moderne.<\/p>\n<\/div>[\/vc_column][\/vc_row]<\/div>","protected":false},"template":"","class_list":["post-8964","magazin","type-magazin","status-publish","hentry","thema-sondermuenzen"],"acf":[],"_links":{"self":[{"href":"https:\/\/www.sondermuenze.ch\/de\/wp-json\/wp\/v2\/magazin\/8964","targetHints":{"allow":["GET"]}}],"collection":[{"href":"https:\/\/www.sondermuenze.ch\/de\/wp-json\/wp\/v2\/magazin"}],"about":[{"href":"https:\/\/www.sondermuenze.ch\/de\/wp-json\/wp\/v2\/types\/magazin"}],"version-history":[{"count":11,"href":"https:\/\/www.sondermuenze.ch\/de\/wp-json\/wp\/v2\/magazin\/8964\/revisions"}],"predecessor-version":[{"id":9647,"href":"https:\/\/www.sondermuenze.ch\/de\/wp-json\/wp\/v2\/magazin\/8964\/revisions\/9647"}],"wp:attachment":[{"href":"https:\/\/www.sondermuenze.ch\/de\/wp-json\/wp\/v2\/media?parent=8964"}],"curies":[{"name":"wp","href":"https:\/\/api.w.org\/{rel}","templated":true}]}}

<div class="wpb-content-wrapper">[vc_row][vc_column]<div class="section__text section__text--center intro-animation intro-animation--bottom"><h1>100 Jahre 100-Franken Vreneli</h1>
<h3>Seit dem 1. Juli 2025 ist die Sondermünze «100 Jahre 100-Franken Vreneli» erhältlich. Die meisterhaft gestaltete Goldmünze verbindet auf eindrucksvolle Weise Tradition und Moderne.</h3>
</div><div class="section__image section__image--center intro-animation intro-animation--bottom"><div class="picture_container"><picture><source media="(min-width: 768px)" srcset="https://www.sondermuenze.ch/wp-content/uploads/bild-vreneli-kombo-1280x730-1.png"><source media="(max-width: 767.98px)" srcset="https://www.sondermuenze.ch/wp-content/uploads/bild-vreneli-kombo-1280x730-1-768x438.png"><img decoding="async" src="https://www.sondermuenze.ch/wp-content/uploads/bild-vreneli-kombo-1280x730-1.png" alt="Gold Vreneli Bild- und Wertseite" width="1280" height="730" /></picture></div></div><div class="section__text section__text--center intro-animation intro-animation--bottom"><p>Während die Schweiz 1925 von einem jungen Mädchen im Profil dargestellt wurde, das den Blick in die Ferne schweifen lässt, ist es heute eine junge Frau, die ihren Blick fest und entschlossen auf den Betrachter richtet. Beide Darstellungen erfüllen das 1895 vom eidgenössischen Finanzdepartement formulierte Ziel: «Das neue Münzbild soll durch ein schweizerisches, nationales Motiv, durch allegorische oder historisch-symbolische Darstellung der Schweiz – die Helvetia – zum allgemein-verständlichen Ausdrucke bringen.» So erinnert die Bildseite des «100 Jahre 100-Franken Vreneli» an diese allegorische Figur der Helvetia. Sie trägt eine Krone aus Lorbeer, dem Symbol für Weisheit und Triumph, und aus Edelweiss, dem Symbol für die Schweiz; die Wertseite des 1925 geprägten 100-Franken Vreneli überragt ihre Krone als nationale Symbolmünze.</p>
</div>[vc_row_inner][vc_column_inner width=&#8220;1/2&#8243;]<div class="section__text section__text--center intro-animation intro-animation--bottom"><h4>Bildseite</h4>
<p>Auf der Bildseite greift das neue Goldvreneli Elemente des Originals auf und verbindet so das strahlende Schweizerkreuz über den Schweizer Alpen mit Enzian und Alpenrosen. Das Bildnis der jungen Frau erscheint auf der Bildseite zweigeteilt. Rechts symbolisieren die Elemente in Relief die Kraft, die diese junge Frau aus der Gewissheit einer grossen Vergangenheit schöpft. Links symbolisieren die nur angedeuteten Elemente die Zukunft und die Geschichten, die das Goldvreneli noch schreiben wird. Neben dem Bildnis der jungen Frau sind die Jubiläumsdaten eingeprägt, umrahmt vom Schriftzug «CONFOEDERATIO HELVETICA».</p>
</div>[/vc_column_inner][vc_column_inner width=&#8220;1/2&#8243;]<div class="section__text section__text--center intro-animation intro-animation--bottom"><h4>Wertseite</h4>
<p>Auch auf der Wertseite des neuen Goldvreneli finden sich Elemente des Originals. Eine Detailansicht des berühmten Vreneli zeigt das Bildnis der wohl bekanntesten Schweizerin, eingebettet in eine geometrische Komposition aus einem Kreis, senkrechter und gerundeter Linie. Links daneben der Nennwert von 100 Franken. Die Zweige mit Enzianen und Alpenrosen erinnern wiederum an das Original. Beide Zweige neigen sich zum Nennwert der Münze hin und lenken so den Blick weg vom Vreneli-Bild, hin zum Nennwert der neuen Münze. Die Signatur der Künstlerin Chiara Principe und ein «B» für Bern sind fein zu erkennen.</p>
</div>[/vc_column_inner][/vc_row_inner]<div class="section__image section__image--center intro-animation intro-animation--bottom"><div class="picture_container"><picture><source media="(min-width: 768px)" srcset="https://www.sondermuenze.ch/wp-content/uploads/verpackung-vreneli-1280x730-1.jpg"><source media="(max-width: 767.98px)" srcset="https://www.sondermuenze.ch/wp-content/uploads/verpackung-vreneli-1280x730-1-768x438.jpg"><img decoding="async" src="https://www.sondermuenze.ch/wp-content/uploads/verpackung-vreneli-1280x730-1.jpg" alt="Verpackung 100 Franken Goldvreneli" width="1280" height="730" /></picture></div></div><div class="section__text section__text--center intro-animation intro-animation--bottom"><h4>Tradition:</h4>
<p>Haben Sie bemerkt, dass die Wertseite des Originals auf der Bildseite der neuen Münze abgebildet ist? Und die Bildseite des Originals auf der Wertseite der neuen Münze? So verbindet die Künstlerin Chiara Principe einmal mehr Tradition und Moderne.</p>
</div>[/vc_column][/vc_row]</div>
