{"id":8138,"date":"2024-12-03T11:23:45","date_gmt":"2024-12-03T10:23:45","guid":{"rendered":"https:\/\/www.sondermuenze.ch\/?post_type=magazin&#038;p=8138"},"modified":"2024-12-06T10:02:09","modified_gmt":"2024-12-06T09:02:09","slug":"sondermuenzen-2025","status":"publish","type":"magazin","link":"https:\/\/www.sondermuenze.ch\/de\/magazin\/sondermuenzen-2025\/","title":{"rendered":"Sonderm\u00fcnzen 2025"},"content":{"rendered":"<div class=\"wpb-content-wrapper\">[vc_row][vc_column]<div class=\"section__text section__text--lead section__text--center intro-animation intro-animation--bottom\"><h1>Sonderm\u00fcnzen<br \/>\n2025<\/h1>\n<p>Auch im n\u00e4chsten Jahr du\u0308rfen Sie viele neue und spannende Swissmint Sondermu\u0308nzen erwarten.<\/p>\n<\/div><div class=\"section__teaser_special\"><div class=\"teaser_special row_simple reverse middle-xs \"><div class=\"teaser_special__media col-l-6 col-xs-12 intro-animation-mobile\"><div class=\"picture_container\"><picture><source srcset=\"https:\/\/www.sondermuenze.ch\/wp-content\/uploads\/web-hq-sondermuenze-ausblick-munzsatz.jpg\"><img decoding=\"async\" src=\"https:\/\/www.sondermuenze.ch\/wp-content\/uploads\/web-hq-sondermuenze-ausblick-munzsatz.jpg\" alt=\"M\u00fcnzsatz 2025\" width=\"960\" height=\"850\"\/><\/picture><\/div><\/div><div class=\"teaser_special__content col-l-6 col-xs-12 intro-animation intro-animation--right\"><div class=\"teaser_special__content__inside\"><h2>M\u00fcnzsatz 2025<\/h2>\n<p>Zum Jahresbeginn erscheinen die traditionellen Mu\u0308nzs\u00e4tze 2025.<\/p>\n<\/div><\/div><\/div><\/div><div class=\"section__teaser_special\"><div class=\"teaser_special row_simple middle-xs \"><div class=\"teaser_special__media col-l-6 col-xs-12 intro-animation-mobile\"><div class=\"picture_container\"><picture><source srcset=\"https:\/\/www.sondermuenze.ch\/wp-content\/uploads\/monnaies-speciales-vides-silber.jpg\"><img decoding=\"async\" src=\"https:\/\/www.sondermuenze.ch\/wp-content\/uploads\/monnaies-speciales-vides-silber.jpg\" alt=\"CERN\" width=\"960\" height=\"850\"\/><\/picture><\/div><\/div><div class=\"teaser_special__content col-l-6 col-xs-12 intro-animation intro-animation--left\"><div class=\"teaser_special__content__inside\"><h2>CERN<\/h2>\n<p>Das CERN ist das weltweit fu\u0308hrende Forschungszentrum fu\u0308r Teilchenphysik und hat mit seinen bahnbrechenden Entdeckungen das Verst\u00e4ndnis des Universums revolutioniert.<\/p>\n<\/div><\/div><\/div><\/div><div class=\"section__teaser_special\"><div class=\"teaser_special row_simple reverse middle-xs \"><div class=\"teaser_special__media col-l-6 col-xs-12 intro-animation-mobile\"><div class=\"picture_container\"><picture><source srcset=\"https:\/\/www.sondermuenze.ch\/wp-content\/uploads\/monnaies-speciales-vides-bim-silber.jpg\"><img decoding=\"async\" src=\"https:\/\/www.sondermuenze.ch\/wp-content\/uploads\/monnaies-speciales-vides-bim-silber.jpg\" alt=\"Bimetal und Silber\" width=\"960\" height=\"850\"\/><\/picture><\/div><\/div><div class=\"teaser_special__content col-l-6 col-xs-12 intro-animation intro-animation--right\"><div class=\"teaser_special__content__inside\"><h2>150 Jahre Bundesgericht<\/h2>\n<p>Zum 150-j\u00e4hrigen Jubil\u00e4um des Bundesgerichtes erscheint am 22. Mai 2025 eine diesem Jubil\u00e4um gewidmete Sondermu\u0308nze.<\/p>\n<h2>Jean Tinguely<\/h2>\n<p>Anl\u00e4sslich des 100-j\u00e4hrigen Geburtstags des Schweizer Malers und Bildhauers Jean Tinguely lanciert Swissmint am 22. Mai 2025 die Sondermu\u0308nze \u00abJean Tinguely\u00bb.<\/p>\n<\/div><\/div><\/div><\/div><div class=\"section__teaser_special\"><div class=\"teaser_special row_simple middle-xs \"><div class=\"teaser_special__media col-l-6 col-xs-12 intro-animation-mobile\"><div class=\"picture_container\"><picture><source srcset=\"https:\/\/www.sondermuenze.ch\/wp-content\/uploads\/web-hq-sondermuenze-ausblick-goldvreneli.jpg\"><img decoding=\"async\" src=\"https:\/\/www.sondermuenze.ch\/wp-content\/uploads\/web-hq-sondermuenze-ausblick-goldvreneli.jpg\" alt=\"Gold Vreneli\" width=\"960\" height=\"850\"\/><\/picture><\/div><\/div><div class=\"teaser_special__content col-l-6 col-xs-12 intro-animation intro-animation--left\"><div class=\"teaser_special__content__inside\"><h2>100 Jahre 100-Franken-Vreneli<\/h2>\n<p>Lesen Sie hier mehr \u00fcber die Sondermu\u0308nze \u00ab100 Jahre 100-Franken-Vreneli\u00bb. Sie wird zur World Money Fair 2025 vorgestellt.<\/p>\n<\/div><\/div><\/div><\/div><div class=\"section__text section__text--center intro-animation intro-animation--bottom\"><h2>Gespannt auf das Design?<br \/>\nFolgen Sie uns auf den sozialen Medien!<\/h2>\n<\/div><div class=\"section__teaser_special\"><div class=\"teaser_special row_simple reverse middle-xs \"><div class=\"teaser_special__media col-l-6 col-xs-12 intro-animation-mobile\"><div class=\"picture_container\"><picture><source srcset=\"https:\/\/www.sondermuenze.ch\/wp-content\/uploads\/web-hq-sondermuenze-ausblick.jpg\"><img decoding=\"async\" src=\"https:\/\/www.sondermuenze.ch\/wp-content\/uploads\/web-hq-sondermuenze-ausblick.jpg\" alt=\"Pioniere der Schweizer Luftfahrt\" width=\"960\" height=\"850\"\/><\/picture><\/div><\/div><div class=\"teaser_special__content col-l-6 col-xs-12 intro-animation intro-animation--right\"><div class=\"teaser_special__content__inside\"><h2>Pioniere der Schweizer Luftfahrt<\/h2>\n<p>Die erste Mu\u0308nze der dreiteiligen Serie beleuchtet die Anf\u00e4nge der Schweizer Luftfahrt und wu\u0308rdigt ihre wegweisenden Pionierleistungen.<\/p>\n<h2>Lago Maggiore &amp; Lago di Lugano<\/h2>\n<p>Die Serie \u00abSchweizer Seen\u00bb beginnt mit dem Lago Maggiore und dem Lago di Lugano, die das Tessin als mediterrane Perle der Schweiz repr\u00e4sentieren. Beide Seen sind fu\u0308r ihre idyllische Landschaft und ihre Bedeutung fu\u0308r den Tourismus bekannt.<\/p>\n<\/div><\/div><\/div><\/div>[\/vc_column][\/vc_row]<\/div>","protected":false},"template":"","class_list":["post-8138","magazin","type-magazin","status-publish","hentry","thema-sondermuenzen"],"acf":[],"_links":{"self":[{"href":"https:\/\/www.sondermuenze.ch\/de\/wp-json\/wp\/v2\/magazin\/8138","targetHints":{"allow":["GET"]}}],"collection":[{"href":"https:\/\/www.sondermuenze.ch\/de\/wp-json\/wp\/v2\/magazin"}],"about":[{"href":"https:\/\/www.sondermuenze.ch\/de\/wp-json\/wp\/v2\/types\/magazin"}],"version-history":[{"count":9,"href":"https:\/\/www.sondermuenze.ch\/de\/wp-json\/wp\/v2\/magazin\/8138\/revisions"}],"predecessor-version":[{"id":8483,"href":"https:\/\/www.sondermuenze.ch\/de\/wp-json\/wp\/v2\/magazin\/8138\/revisions\/8483"}],"wp:attachment":[{"href":"https:\/\/www.sondermuenze.ch\/de\/wp-json\/wp\/v2\/media?parent=8138"}],"curies":[{"name":"wp","href":"https:\/\/api.w.org\/{rel}","templated":true}]}}

Sondermünzen 2025

<div class="wpb-content-wrapper">[vc_row][vc_column]<div class="section__text section__text--lead section__text--center intro-animation intro-animation--bottom"><h1>Sondermünzen<br />
2025</h1>
<p>Auch im nächsten Jahr dürfen Sie viele neue und spannende Swissmint Sondermünzen erwarten.</p>
</div><div class="section__teaser_special"><div class="teaser_special row_simple reverse middle-xs "><div class="teaser_special__media col-l-6 col-xs-12 intro-animation-mobile"><div class="picture_container"><picture><source srcset="https://www.sondermuenze.ch/wp-content/uploads/web-hq-sondermuenze-ausblick-munzsatz.jpg"><img decoding="async" src="https://www.sondermuenze.ch/wp-content/uploads/web-hq-sondermuenze-ausblick-munzsatz.jpg" alt="Münzsatz 2025" width="960" height="850"/></picture></div></div><div class="teaser_special__content col-l-6 col-xs-12 intro-animation intro-animation--right"><div class="teaser_special__content__inside"><h2>Münzsatz 2025</h2>
<p>Zum Jahresbeginn erscheinen die traditionellen Münzsätze 2025.</p>
</div></div></div></div><div class="section__teaser_special"><div class="teaser_special row_simple middle-xs "><div class="teaser_special__media col-l-6 col-xs-12 intro-animation-mobile"><div class="picture_container"><picture><source srcset="https://www.sondermuenze.ch/wp-content/uploads/monnaies-speciales-vides-silber.jpg"><img decoding="async" src="https://www.sondermuenze.ch/wp-content/uploads/monnaies-speciales-vides-silber.jpg" alt="CERN" width="960" height="850"/></picture></div></div><div class="teaser_special__content col-l-6 col-xs-12 intro-animation intro-animation--left"><div class="teaser_special__content__inside"><h2>CERN</h2>
<p>Das CERN ist das weltweit führende Forschungszentrum für Teilchenphysik und hat mit seinen bahnbrechenden Entdeckungen das Verständnis des Universums revolutioniert.</p>
</div></div></div></div><div class="section__teaser_special"><div class="teaser_special row_simple reverse middle-xs "><div class="teaser_special__media col-l-6 col-xs-12 intro-animation-mobile"><div class="picture_container"><picture><source srcset="https://www.sondermuenze.ch/wp-content/uploads/monnaies-speciales-vides-bim-silber.jpg"><img decoding="async" src="https://www.sondermuenze.ch/wp-content/uploads/monnaies-speciales-vides-bim-silber.jpg" alt="Bimetal und Silber" width="960" height="850"/></picture></div></div><div class="teaser_special__content col-l-6 col-xs-12 intro-animation intro-animation--right"><div class="teaser_special__content__inside"><h2>150 Jahre Bundesgericht</h2>
<p>Zum 150-jährigen Jubiläum des Bundesgerichtes erscheint am 22. Mai 2025 eine diesem Jubiläum gewidmete Sondermünze.</p>
<h2>Jean Tinguely</h2>
<p>Anlässlich des 100-jährigen Geburtstags des Schweizer Malers und Bildhauers Jean Tinguely lanciert Swissmint am 22. Mai 2025 die Sondermünze «Jean Tinguely».</p>
</div></div></div></div><div class="section__teaser_special"><div class="teaser_special row_simple middle-xs "><div class="teaser_special__media col-l-6 col-xs-12 intro-animation-mobile"><div class="picture_container"><picture><source srcset="https://www.sondermuenze.ch/wp-content/uploads/web-hq-sondermuenze-ausblick-goldvreneli.jpg"><img decoding="async" src="https://www.sondermuenze.ch/wp-content/uploads/web-hq-sondermuenze-ausblick-goldvreneli.jpg" alt="Gold Vreneli" width="960" height="850"/></picture></div></div><div class="teaser_special__content col-l-6 col-xs-12 intro-animation intro-animation--left"><div class="teaser_special__content__inside"><h2>100 Jahre 100-Franken-Vreneli</h2>
<p>Lesen Sie hier mehr über die Sondermünze «100 Jahre 100-Franken-Vreneli». Sie wird zur World Money Fair 2025 vorgestellt.</p>
</div></div></div></div><div class="section__text section__text--center intro-animation intro-animation--bottom"><h2>Gespannt auf das Design?<br />
Folgen Sie uns auf den sozialen Medien!</h2>
</div><div class="section__teaser_special"><div class="teaser_special row_simple reverse middle-xs "><div class="teaser_special__media col-l-6 col-xs-12 intro-animation-mobile"><div class="picture_container"><picture><source srcset="https://www.sondermuenze.ch/wp-content/uploads/web-hq-sondermuenze-ausblick.jpg"><img decoding="async" src="https://www.sondermuenze.ch/wp-content/uploads/web-hq-sondermuenze-ausblick.jpg" alt="Pioniere der Schweizer Luftfahrt" width="960" height="850"/></picture></div></div><div class="teaser_special__content col-l-6 col-xs-12 intro-animation intro-animation--right"><div class="teaser_special__content__inside"><h2>Pioniere der Schweizer Luftfahrt</h2>
<p>Die erste Münze der dreiteiligen Serie beleuchtet die Anfänge der Schweizer Luftfahrt und würdigt ihre wegweisenden Pionierleistungen.</p>
<h2>Lago Maggiore &amp; Lago di Lugano</h2>
<p>Die Serie «Schweizer Seen» beginnt mit dem Lago Maggiore und dem Lago di Lugano, die das Tessin als mediterrane Perle der Schweiz repräsentieren. Beide Seen sind für ihre idyllische Landschaft und ihre Bedeutung für den Tourismus bekannt.</p>
</div></div></div></div>[/vc_column][/vc_row]</div>
