{"id":7450,"date":"2024-08-26T08:57:17","date_gmt":"2024-08-26T06:57:17","guid":{"rendered":"https:\/\/www.sondermuenze.ch\/?post_type=magazin&#038;p=7450"},"modified":"2024-08-26T08:57:17","modified_gmt":"2024-08-26T06:57:17","slug":"die-seele-unserer-modernen-schweiz-ist-175-jahre-alt","status":"publish","type":"magazin","link":"https:\/\/www.sondermuenze.ch\/de\/magazin\/die-seele-unserer-modernen-schweiz-ist-175-jahre-alt\/","title":{"rendered":"Die Seele unserer  modernen Schweiz ist  175 Jahre alt"},"content":{"rendered":"<div class=\"wpb-content-wrapper\">[vc_row][vc_column]<div class=\"section__text section__text--lead section__text--center intro-animation intro-animation--bottom\"><h1>Die Seele unserer<br \/>\nmodernen Schweiz ist<br \/>\n175 Jahre alt<\/h1>\n<p>&nbsp;<\/p>\n<p class=\"p1\">Schon seit 1848 regelt die Bundesverfassung der Schweizerischen Eidgenossenschaft das Zusammenleben in der Schweiz. Swissmint feiert diesen besonderen Geburtstag mit einer Sonderm\u00fcnze.<\/p>\n<\/div>[vc_row_inner][vc_column_inner width=&#8220;1\/2&#8243;]<div class=\"section__text section__text--center intro-animation intro-animation--bottom\"><p><strong>Im Namen Gottes des Allm\u00e4chtigen!<\/strong><br \/>\nSchon in den mittelalterlichen Urkunden der fr\u00fchen Eidgenossenschaft findet sich die Anrufung Gottes. Die B\u00fcndnispartner von 1848 haben sie aufgenommen, und so beginnt auch die Pr\u00e4ambel der Bundesverfassung mit der \u00abinvocatio Dei\u00bb. Selbst die Glasmalerei in der Kuppel des Bundeshauses verweist auf eine h\u00f6here Macht: Zwei Engel tragen das Schweizer Wappen.<\/p>\n<p><strong>Die Seele unserer Schweiz<\/strong><br \/>\n\u00abFormal ist die Bundesverfassung ein langweiliges Gesetzbuch\u00bb, sagt Peter Salzmann, der Gestalter der Sonderm\u00fcnze. \u00abEin Regelwerk, das wir st\u00e4ndig weiterschreiben.\u00bb So wurde auch das Vorwort seit 175 Jahren mehrfach unserem Zeitgeist angeglichen. \u00abEs ist die Seele unserer Verfassung und damit Ausdruck unseres gesellschaftlichen Selbstverst\u00e4ndnisses.\u00bb<\/p>\n<\/div>[\/vc_column_inner][vc_column_inner width=&#8220;1\/2&#8243;]<div class=\"section__text section__text--center intro-animation intro-animation--bottom\"><p><strong>Ein starkes Symbol<br \/>\n<\/strong>Gestaltungsgrundlage f\u00fcr die Bildseite der M\u00fcnze ist darum die Pr\u00e4ambel: Gott, Sch\u00f6pfung, Einheit, Frieden, Solidarit\u00e4t und die Weitergabe des Wertekanons an die kommenden Generationen \u2013 allegorisch umgesetzt, greifen diese Inhaltsbegriffe ineinander und werden zu einem Sinnbild mit grosser Strahlkraft.<\/p>\n<p><strong>Dem Engel die Fl\u00fcgel gestutzt<\/strong><br \/>\nF\u00fcr die Wertseite hat sich der Gestalter aus Olten von der Bundeshauskuppel inspirieren lassen. \u00abWir sehen meist das, was wir sehen wollen\u00bb, sagt Salzmann. Als Auseinandersetzung mit den Diskussionen um den Gottesbezug der Verfassung hat er einem Engel die Fl\u00fcgel gestutzt. Was bleibt, ist eine uns vertraute Figur, in sich ruhend, geborgen, entspannt. Der Engel wird zur Helvetia, zur Friedensstifterin. Eine Tugend, die mehr denn je Gewicht hat in diesen Zeiten.<\/p>\n<\/div>[\/vc_column_inner][\/vc_row_inner][\/vc_column][\/vc_row][vc_row][vc_column]<div class=\"section__text section__text--center intro-animation intro-animation--bottom\"><h2>175 Jahre<br \/>\nBundesverfassung \u2013<br \/>\neine unglaubliche<br \/>\nGeschichte<\/h2>\n<\/div><div class=\"section__teaser_special\"><div class=\"teaser_special row_simple reverse middle-xs \"><div class=\"teaser_special__media col-l-6 col-xs-12 intro-animation-mobile\"><div class=\"picture_container\"><picture><source srcset=\"https:\/\/www.sondermuenze.ch\/wp-content\/uploads\/swissmint-seele-960x960px.jpg\"><img decoding=\"async\" src=\"https:\/\/www.sondermuenze.ch\/wp-content\/uploads\/swissmint-seele-960x960px.jpg\" alt=\"175 Jahre Bundesverfassung \u2013 eine unglaubliche Geschichte\" width=\"960\" height=\"960\"\/><\/picture><\/div><\/div><div class=\"teaser_special__content col-l-6 col-xs-12 intro-animation intro-animation--right\"><div class=\"teaser_special__content__inside\"><p>Am 1. und 2. Juli 2023 feiert das Schweizer Parlament das Jubil\u00e4um der ersten Bundesverfassung mit der offenen Bundesmeile, einem grossen Festakt am Tag der Verfassung und viele weiteren Veranstaltungen. Wir von der Swissmint sind mit dabei. Notieren Sie sich diese Daten schon heute.<\/p>\n<p>Nutzen Sie die Gelegenheit, gemeinsam mit uns die 175 Jahre Bundesverfassung zu feiern, flanieren Sie die Bundesmeile entlang und blicken Sie auf die lange Geschichte der Schweizer Bundesverfassung zur\u00fcck. Die neusten Sonderm\u00fcnzen k\u00f6nnen bei uns vor Ort bewundert und nat\u00fcrlich auch erworben werden. Wir hoffen, dass wir an diesen Tagen viele Swissmint-Fans pers\u00f6nlich kennenlernen werden.<\/p>\n<p><strong>Wo?<\/strong><br \/>\nSie finden uns im Bernerhof<br \/>\n(Sitz der Eidgen\u00f6ssischen Finanzverwaltung), Bundesgasse 3, 3003 Bern.<\/p>\n<p><strong>Was erwartet Sie?<\/strong><br \/>\nAm 1. und 2. Juli 2023 k\u00f6nnen Sie die Sonderm\u00fcnzen 175 Jahre Bundesverfassung in Gold und in Silber vor Ort erwerben. Um m\u00f6glichst vielen Interessenten die M\u00f6glichkeit zu bieten, die Sonderm\u00fcnzen 175 Jahre Bundesverfassung zu erwerben, verteilen wir die verf\u00fcgbaren Mengen auf die zwei Tage. Besucher k\u00f6nnen eine Gold- und eine Silberm\u00fcnze erwerben. Nicht verkaufte Sonderm\u00fcnzen sind ab dem 3. Juli im Webshop erh\u00e4ltlich.<\/p>\n<p>&nbsp;<\/p>\n<p class=\"p1\"><span class=\"s1\">Mehr erfahren:<br \/>\n<\/span><a href=\"http:\/\/www.1848-parl.ch\/de\" target=\"_blank\" rel=\"noopener\"><span class=\"s2\"><b>www.1848-parl.ch\/de <\/b><\/span><\/a><\/p>\n<\/div><\/div><\/div><\/div>[\/vc_column][\/vc_row]<\/div>","protected":false},"template":"","class_list":["post-7450","magazin","type-magazin","status-publish","hentry","thema-wissenswertes"],"acf":[],"_links":{"self":[{"href":"https:\/\/www.sondermuenze.ch\/de\/wp-json\/wp\/v2\/magazin\/7450","targetHints":{"allow":["GET"]}}],"collection":[{"href":"https:\/\/www.sondermuenze.ch\/de\/wp-json\/wp\/v2\/magazin"}],"about":[{"href":"https:\/\/www.sondermuenze.ch\/de\/wp-json\/wp\/v2\/types\/magazin"}],"version-history":[{"count":4,"href":"https:\/\/www.sondermuenze.ch\/de\/wp-json\/wp\/v2\/magazin\/7450\/revisions"}],"predecessor-version":[{"id":7466,"href":"https:\/\/www.sondermuenze.ch\/de\/wp-json\/wp\/v2\/magazin\/7450\/revisions\/7466"}],"wp:attachment":[{"href":"https:\/\/www.sondermuenze.ch\/de\/wp-json\/wp\/v2\/media?parent=7450"}],"curies":[{"name":"wp","href":"https:\/\/api.w.org\/{rel}","templated":true}]}}

<div class="wpb-content-wrapper">[vc_row][vc_column]<div class="section__text section__text--lead section__text--center intro-animation intro-animation--bottom"><h1>Die Seele unserer<br />
modernen Schweiz ist<br />
175 Jahre alt</h1>
<p>&nbsp;</p>
<p class="p1">Schon seit 1848 regelt die Bundesverfassung der Schweizerischen Eidgenossenschaft das Zusammenleben in der Schweiz. Swissmint feiert diesen besonderen Geburtstag mit einer Sondermünze.</p>
</div>[vc_row_inner][vc_column_inner width=&#8220;1/2&#8243;]<div class="section__text section__text--center intro-animation intro-animation--bottom"><p><strong>Im Namen Gottes des Allmächtigen!</strong><br />
Schon in den mittelalterlichen Urkunden der frühen Eidgenossenschaft findet sich die Anrufung Gottes. Die Bündnispartner von 1848 haben sie aufgenommen, und so beginnt auch die Präambel der Bundesverfassung mit der «invocatio Dei». Selbst die Glasmalerei in der Kuppel des Bundeshauses verweist auf eine höhere Macht: Zwei Engel tragen das Schweizer Wappen.</p>
<p><strong>Die Seele unserer Schweiz</strong><br />
«Formal ist die Bundesverfassung ein langweiliges Gesetzbuch», sagt Peter Salzmann, der Gestalter der Sondermünze. «Ein Regelwerk, das wir ständig weiterschreiben.» So wurde auch das Vorwort seit 175 Jahren mehrfach unserem Zeitgeist angeglichen. «Es ist die Seele unserer Verfassung und damit Ausdruck unseres gesellschaftlichen Selbstverständnisses.»</p>
</div>[/vc_column_inner][vc_column_inner width=&#8220;1/2&#8243;]<div class="section__text section__text--center intro-animation intro-animation--bottom"><p><strong>Ein starkes Symbol<br />
</strong>Gestaltungsgrundlage für die Bildseite der Münze ist darum die Präambel: Gott, Schöpfung, Einheit, Frieden, Solidarität und die Weitergabe des Wertekanons an die kommenden Generationen – allegorisch umgesetzt, greifen diese Inhaltsbegriffe ineinander und werden zu einem Sinnbild mit grosser Strahlkraft.</p>
<p><strong>Dem Engel die Flügel gestutzt</strong><br />
Für die Wertseite hat sich der Gestalter aus Olten von der Bundeshauskuppel inspirieren lassen. «Wir sehen meist das, was wir sehen wollen», sagt Salzmann. Als Auseinandersetzung mit den Diskussionen um den Gottesbezug der Verfassung hat er einem Engel die Flügel gestutzt. Was bleibt, ist eine uns vertraute Figur, in sich ruhend, geborgen, entspannt. Der Engel wird zur Helvetia, zur Friedensstifterin. Eine Tugend, die mehr denn je Gewicht hat in diesen Zeiten.</p>
</div>[/vc_column_inner][/vc_row_inner][/vc_column][/vc_row][vc_row][vc_column]<div class="section__text section__text--center intro-animation intro-animation--bottom"><h2>175 Jahre<br />
Bundesverfassung –<br />
eine unglaubliche<br />
Geschichte</h2>
</div><div class="section__teaser_special"><div class="teaser_special row_simple reverse middle-xs "><div class="teaser_special__media col-l-6 col-xs-12 intro-animation-mobile"><div class="picture_container"><picture><source srcset="https://www.sondermuenze.ch/wp-content/uploads/swissmint-seele-960x960px.jpg"><img decoding="async" src="https://www.sondermuenze.ch/wp-content/uploads/swissmint-seele-960x960px.jpg" alt="175 Jahre Bundesverfassung – eine unglaubliche Geschichte" width="960" height="960"/></picture></div></div><div class="teaser_special__content col-l-6 col-xs-12 intro-animation intro-animation--right"><div class="teaser_special__content__inside"><p>Am 1. und 2. Juli 2023 feiert das Schweizer Parlament das Jubiläum der ersten Bundesverfassung mit der offenen Bundesmeile, einem grossen Festakt am Tag der Verfassung und viele weiteren Veranstaltungen. Wir von der Swissmint sind mit dabei. Notieren Sie sich diese Daten schon heute.</p>
<p>Nutzen Sie die Gelegenheit, gemeinsam mit uns die 175 Jahre Bundesverfassung zu feiern, flanieren Sie die Bundesmeile entlang und blicken Sie auf die lange Geschichte der Schweizer Bundesverfassung zurück. Die neusten Sondermünzen können bei uns vor Ort bewundert und natürlich auch erworben werden. Wir hoffen, dass wir an diesen Tagen viele Swissmint-Fans persönlich kennenlernen werden.</p>
<p><strong>Wo?</strong><br />
Sie finden uns im Bernerhof<br />
(Sitz der Eidgenössischen Finanzverwaltung), Bundesgasse 3, 3003 Bern.</p>
<p><strong>Was erwartet Sie?</strong><br />
Am 1. und 2. Juli 2023 können Sie die Sondermünzen 175 Jahre Bundesverfassung in Gold und in Silber vor Ort erwerben. Um möglichst vielen Interessenten die Möglichkeit zu bieten, die Sondermünzen 175 Jahre Bundesverfassung zu erwerben, verteilen wir die verfügbaren Mengen auf die zwei Tage. Besucher können eine Gold- und eine Silbermünze erwerben. Nicht verkaufte Sondermünzen sind ab dem 3. Juli im Webshop erhältlich.</p>
<p>&nbsp;</p>
<p class="p1"><span class="s1">Mehr erfahren:<br />
</span><a href="http://www.1848-parl.ch/de" target="_blank" rel="noopener"><span class="s2"><b>www.1848-parl.ch/de </b></span></a></p>
</div></div></div></div>[/vc_column][/vc_row]</div>
